Last updated on 2024-07-18 09:52:32 CEST.
Flavor | Version | Tinstall | Tcheck | Ttotal | Status | Flags |
---|---|---|---|---|---|---|
r-devel-linux-x86_64-debian-clang | 0.1.8 | 4.91 | 31.65 | 36.56 | OK | |
r-devel-linux-x86_64-debian-gcc | 0.1.8 | 3.32 | 23.96 | 27.28 | OK | |
r-devel-linux-x86_64-fedora-clang | 0.1.8 | 44.92 | NOTE | |||
r-devel-linux-x86_64-fedora-gcc | 0.1.8 | 43.05 | NOTE | |||
r-devel-windows-x86_64 | 0.1.8 | 7.00 | 58.00 | 65.00 | OK | |
r-patched-linux-x86_64 | 0.1.7 | 1.77 | 24.47 | 26.24 | OK | |
r-release-linux-x86_64 | 0.1.7 | 2.07 | 23.96 | 26.03 | OK | |
r-release-macos-arm64 | 0.1.8 | 19.00 | OK | |||
r-release-macos-x86_64 | 0.1.8 | 32.00 | OK | |||
r-release-windows-x86_64 | 0.1.8 | 6.00 | 46.00 | 52.00 | OK | |
r-oldrel-macos-arm64 | 0.1.8 | 23.00 | OK | |||
r-oldrel-macos-x86_64 | 0.1.8 | 36.00 | OK | |||
r-oldrel-windows-x86_64 | 0.1.8 | 7.00 | 51.00 | 58.00 | OK |
Version: 0.1.8
Check: data for non-ASCII characters
Result: NOTE
Note: found 1548 marked UTF-8 strings
Flavors: r-devel-linux-x86_64-fedora-clang, r-devel-linux-x86_64-fedora-gcc