Last updated on 2024-07-18 09:52:32 CEST.
Flavor | Version | Tinstall | Tcheck | Ttotal | Status | Flags |
---|---|---|---|---|---|---|
r-devel-linux-x86_64-debian-clang | 1.0.1 | 7.24 | 51.01 | 58.25 | OK | |
r-devel-linux-x86_64-debian-gcc | 1.0.1 | 4.85 | 37.43 | 42.28 | OK | |
r-devel-linux-x86_64-fedora-clang | 1.0.1 | 71.78 | NOTE | |||
r-devel-linux-x86_64-fedora-gcc | 1.0.1 | 66.18 | NOTE | |||
r-devel-windows-x86_64 | 1.0.1 | 7.00 | 62.00 | 69.00 | OK | |
r-patched-linux-x86_64 | 1.0.1 | 6.57 | 48.51 | 55.08 | OK | |
r-release-linux-x86_64 | 1.0.1 | 4.18 | 48.11 | 52.29 | OK | |
r-release-macos-arm64 | 1.0.1 | 25.00 | OK | |||
r-release-macos-x86_64 | 1.0.1 | 35.00 | OK | |||
r-release-windows-x86_64 | 1.0.1 | 7.00 | 62.00 | 69.00 | OK | |
r-oldrel-macos-arm64 | 1.0.1 | 31.00 | OK | |||
r-oldrel-macos-x86_64 | 1.0.1 | 47.00 | OK | |||
r-oldrel-windows-x86_64 | 1.0.1 | 8.00 | 68.00 | 76.00 | OK |
Version: 1.0.1
Check: data for non-ASCII characters
Result: NOTE
Note: found 165 marked UTF-8 strings
Flavors: r-devel-linux-x86_64-fedora-clang, r-devel-linux-x86_64-fedora-gcc