Last updated on 2024-07-18 09:52:32 CEST.
Flavor | Version | Tinstall | Tcheck | Ttotal | Status | Flags |
---|---|---|---|---|---|---|
r-devel-linux-x86_64-debian-clang | 1.0.1 | 9.87 | 744.37 | 754.24 | NOTE | |
r-devel-linux-x86_64-debian-gcc | 1.0.2 | 6.48 | 444.88 | 451.36 | NOTE | |
r-devel-linux-x86_64-fedora-clang | 1.0.2 | 609.51 | NOTE | |||
r-devel-linux-x86_64-fedora-gcc | 1.0.2 | 848.11 | NOTE | |||
r-devel-windows-x86_64 | 1.0.2 | 10.00 | 373.00 | 383.00 | NOTE | |
r-patched-linux-x86_64 | 1.0.1 | 8.76 | 742.62 | 751.38 | NOTE | |
r-release-linux-x86_64 | 1.0.1 | 8.26 | 750.99 | 759.25 | NOTE | |
r-release-macos-arm64 | 1.0.2 | 173.00 | NOTE | |||
r-release-macos-x86_64 | 1.0.2 | 548.00 | NOTE | |||
r-release-windows-x86_64 | 1.0.2 | 9.00 | 368.00 | 377.00 | NOTE | |
r-oldrel-macos-arm64 | 1.0.2 | 10.00 | ERROR | |||
r-oldrel-macos-x86_64 | 1.0.2 | 11.00 | ERROR | |||
r-oldrel-windows-x86_64 | 1.0.1 | 10.00 | 575.00 | 585.00 | NOTE |
Version: 1.0.1
Check: package dependencies
Result: NOTE
Packages suggested but not available for checking: 'cmdstanr', 'iwmm'
Flavors: r-devel-linux-x86_64-debian-clang, r-patched-linux-x86_64, r-release-linux-x86_64, r-oldrel-windows-x86_64
Version: 1.0.2
Check: package dependencies
Result: NOTE
Packages suggested but not available for checking: 'cmdstanr', 'iwmm'
Flavors: r-devel-linux-x86_64-debian-gcc, r-devel-linux-x86_64-fedora-clang, r-devel-linux-x86_64-fedora-gcc, r-devel-windows-x86_64, r-release-macos-arm64, r-release-macos-x86_64, r-release-windows-x86_64
Version: 1.0.2
Check: package dependencies
Result: ERROR
Package required and available but unsuitable version: ‘posterior’
Packages suggested but not available for checking: 'cmdstanr', 'iwmm'
See section ‘The DESCRIPTION file’ in the ‘Writing R Extensions’
manual.
Flavors: r-oldrel-macos-arm64, r-oldrel-macos-x86_64