Last updated on 2024-07-18 09:52:32 CEST.
Flavor | Version | Tinstall | Tcheck | Ttotal | Status | Flags |
---|---|---|---|---|---|---|
r-devel-linux-x86_64-debian-clang | 1.1.4 | 22.90 | 173.76 | 196.66 | OK | |
r-devel-linux-x86_64-debian-gcc | 1.1.4 | 18.58 | 130.37 | 148.95 | OK | |
r-devel-linux-x86_64-fedora-clang | 1.1.4 | 247.79 | NOTE | |||
r-devel-linux-x86_64-fedora-gcc | 1.1.4 | 233.39 | OK | |||
r-devel-windows-x86_64 | 1.1.4 | 19.00 | 130.00 | 149.00 | OK | |
r-patched-linux-x86_64 | 1.1.4 | 22.34 | 166.07 | 188.41 | OK | |
r-release-linux-x86_64 | 1.1.4 | 14.63 | 164.47 | 179.10 | OK | |
r-release-macos-arm64 | 1.1.4 | 65.00 | OK | |||
r-release-macos-x86_64 | 1.1.4 | 96.00 | OK | |||
r-release-windows-x86_64 | 1.1.4 | 19.00 | 132.00 | 151.00 | OK | |
r-oldrel-macos-arm64 | 1.1.4 | 71.00 | OK | |||
r-oldrel-macos-x86_64 | 1.1.4 | 164.00 | OK | |||
r-oldrel-windows-x86_64 | 1.1.4 | 27.00 | 162.00 | 189.00 | OK |
Version: 1.1.4
Check: package dependencies
Result: NOTE
Imports includes 22 non-default packages.
Importing from so many packages makes the package vulnerable to any of
them becoming unavailable. Move as many as possible to Suggests and
use conditionally.
Flavor: r-devel-linux-x86_64-fedora-clang