Last updated on 2024-07-18 09:52:32 CEST.
Flavor | Version | Tinstall | Tcheck | Ttotal | Status | Flags |
---|---|---|---|---|---|---|
r-devel-linux-x86_64-debian-clang | 0.1.3 | 51.72 | 491.46 | 543.18 | OK | |
r-devel-linux-x86_64-debian-gcc | 0.1.3 | 42.32 | 362.86 | 405.18 | OK | |
r-devel-linux-x86_64-fedora-clang | 0.1.3 | 717.96 | OK | |||
r-devel-linux-x86_64-fedora-gcc | 0.1.3 | 700.69 | OK | |||
r-devel-windows-x86_64 | 0.1.3 | 51.00 | 321.00 | 372.00 | OK | |
r-patched-linux-x86_64 | 0.1.3 | 35.80 | 476.22 | 512.02 | OK | |
r-release-linux-x86_64 | 0.1.3 | 41.67 | 465.74 | 507.41 | OK | |
r-release-macos-arm64 | 0.1.3 | 180.00 | OK | |||
r-release-macos-x86_64 | 0.1.3 | 278.00 | OK | |||
r-release-windows-x86_64 | 0.1.3 | 50.00 | 329.00 | 379.00 | OK | |
r-oldrel-macos-arm64 | 0.1.3 | 9.00 | ERROR | |||
r-oldrel-macos-x86_64 | 0.1.3 | 11.00 | ERROR | |||
r-oldrel-windows-x86_64 | 0.1.3 | 68.00 | 430.00 | 498.00 | OK |
Version: 0.1.3
Check: package dependencies
Result: ERROR
Package required but not available: ‘GSVA’
See section ‘The DESCRIPTION file’ in the ‘Writing R Extensions’
manual.
Flavors: r-oldrel-macos-arm64, r-oldrel-macos-x86_64