Last updated on 2024-07-18 09:52:32 CEST.
Flavor | Version | Tinstall | Tcheck | Ttotal | Status | Flags |
---|---|---|---|---|---|---|
r-devel-linux-x86_64-debian-clang | 0.0.3 | 3.53 | 35.63 | 39.16 | NOTE | |
r-devel-linux-x86_64-debian-gcc | 0.0.3 | 2.65 | 26.92 | 29.57 | NOTE | |
r-devel-linux-x86_64-fedora-clang | 0.0.3 | 49.95 | NOTE | |||
r-devel-linux-x86_64-fedora-gcc | 0.0.3 | 60.27 | NOTE | |||
r-devel-windows-x86_64 | 0.0.3 | 4.00 | 47.00 | 51.00 | NOTE | |
r-patched-linux-x86_64 | 0.0.3 | 3.42 | 34.19 | 37.61 | NOTE | |
r-release-linux-x86_64 | 0.0.3 | 3.34 | 33.81 | 37.15 | NOTE | |
r-release-macos-arm64 | 0.0.3 | 25.00 | NOTE | |||
r-release-macos-x86_64 | 0.0.3 | 38.00 | NOTE | |||
r-release-windows-x86_64 | 0.0.3 | 4.00 | 48.00 | 52.00 | NOTE | |
r-oldrel-macos-arm64 | 0.0.3 | 24.00 | NOTE | |||
r-oldrel-macos-x86_64 | 0.0.3 | 37.00 | NOTE | |||
r-oldrel-windows-x86_64 | 0.0.3 | 5.00 | 48.00 | 53.00 | NOTE |
Version: 0.0.3
Check: LazyData
Result: NOTE
'LazyData' is specified without a 'data' directory
Flavors: r-devel-linux-x86_64-debian-clang, r-devel-linux-x86_64-debian-gcc, r-devel-linux-x86_64-fedora-clang, r-devel-linux-x86_64-fedora-gcc, r-devel-windows-x86_64, r-patched-linux-x86_64, r-release-linux-x86_64, r-release-macos-arm64, r-release-macos-x86_64, r-release-windows-x86_64, r-oldrel-macos-arm64, r-oldrel-macos-x86_64, r-oldrel-windows-x86_64