Last updated on 2024-07-18 09:52:32 CEST.
Flavor | Version | Tinstall | Tcheck | Ttotal | Status | Flags |
---|---|---|---|---|---|---|
r-devel-linux-x86_64-debian-clang | 0.1.2 | 5.09 | 76.54 | 81.63 | OK | |
r-devel-linux-x86_64-debian-gcc | 0.1.2 | 4.35 | 59.69 | 64.04 | OK | |
r-devel-linux-x86_64-fedora-clang | 0.1.2 | 106.31 | OK | |||
r-devel-linux-x86_64-fedora-gcc | 0.1.2 | 112.51 | OK | |||
r-devel-windows-x86_64 | 0.1.2 | 7.00 | 79.00 | 86.00 | NOTE | |
r-patched-linux-x86_64 | 0.1.2 | 11.18 | 77.84 | 89.02 | OK | |
r-release-linux-x86_64 | 0.1.2 | 4.36 | 73.72 | 78.08 | OK | |
r-release-macos-arm64 | 0.1.2 | 38.00 | OK | |||
r-release-macos-x86_64 | 0.1.2 | 56.00 | OK | |||
r-release-windows-x86_64 | 0.1.2 | 6.00 | 81.00 | 87.00 | OK | |
r-oldrel-macos-arm64 | 0.1.2 | 41.00 | OK | |||
r-oldrel-macos-x86_64 | 0.1.2 | 61.00 | OK | |||
r-oldrel-windows-x86_64 | 0.1.2 | 8.00 | 92.00 | 100.00 | OK |
Version: 0.1.2
Check: Rd cross-references
Result: NOTE
Found the following Rd file(s) with Rd \link{} targets missing package
anchors:
as_MonoClust.PULS.Rd: monoClust
Please provide package anchors for all Rd \link{} targets not in the
package itself and the base packages.
Flavor: r-devel-windows-x86_64