Last updated on 2024-07-18 09:52:32 CEST.
Flavor | Version | Tinstall | Tcheck | Ttotal | Status | Flags |
---|---|---|---|---|---|---|
r-devel-linux-x86_64-debian-clang | 0.5.1 | 8.75 | 81.60 | 90.35 | NOTE | |
r-devel-linux-x86_64-debian-gcc | 0.5.1 | 6.11 | 61.27 | 67.38 | NOTE | |
r-devel-linux-x86_64-fedora-clang | 0.5.1 | 112.51 | NOTE | |||
r-devel-linux-x86_64-fedora-gcc | 0.5.1 | 105.18 | NOTE | |||
r-devel-windows-x86_64 | 0.5.1 | 9.00 | 86.00 | 95.00 | NOTE | |
r-patched-linux-x86_64 | 0.5.1 | 7.37 | 77.53 | 84.90 | NOTE | |
r-release-linux-x86_64 | 0.5.1 | 5.48 | 77.38 | 82.86 | NOTE | |
r-release-macos-arm64 | 0.5.1 | 33.00 | NOTE | |||
r-release-macos-x86_64 | 0.5.1 | 66.00 | NOTE | |||
r-release-windows-x86_64 | 0.5.1 | 8.00 | 87.00 | 95.00 | NOTE | |
r-oldrel-macos-arm64 | 0.5.1 | 35.00 | OK | |||
r-oldrel-macos-x86_64 | 0.5.1 | 56.00 | OK | |||
r-oldrel-windows-x86_64 | 0.5.1 | 10.00 | 95.00 | 105.00 | OK |
Version: 0.5.1
Check: Rd files
Result: NOTE
checkRd: (-1) pvlrt.Rd:42: Lost braces; missing escapes or markup?
42 | \item{no_zi_idx}{List of pairs {(i, j)} where zero inflation is not allowed. To
| ^
checkRd: (-1) r_contin_table_zip.Rd:35: Lost braces; missing escapes or markup?
35 | \item{no_zi_idx}{List of pairs {(i, j)} where zero inflation is not allowed. To
| ^
Flavors: r-devel-linux-x86_64-debian-clang, r-devel-linux-x86_64-debian-gcc, r-devel-linux-x86_64-fedora-clang, r-devel-linux-x86_64-fedora-gcc, r-devel-windows-x86_64, r-patched-linux-x86_64, r-release-linux-x86_64, r-release-macos-arm64, r-release-macos-x86_64, r-release-windows-x86_64