Last updated on 2024-07-18 09:52:32 CEST.
Flavor | Version | Tinstall | Tcheck | Ttotal | Status | Flags |
---|---|---|---|---|---|---|
r-devel-linux-x86_64-debian-clang | 2.2.7 | 25.27 | 42.48 | 67.75 | NOTE | |
r-devel-linux-x86_64-debian-gcc | 2.2.7 | 16.06 | 32.37 | 48.43 | NOTE | |
r-devel-linux-x86_64-fedora-clang | 2.2.7 | 92.25 | NOTE | |||
r-devel-linux-x86_64-fedora-gcc | 2.2.7 | 100.79 | NOTE | |||
r-devel-windows-x86_64 | 2.2.7 | 19.00 | 81.00 | 100.00 | NOTE | |
r-patched-linux-x86_64 | 2.2.7 | 19.77 | 40.10 | 59.87 | NOTE | |
r-release-linux-x86_64 | 2.2.7 | 20.90 | 41.00 | 61.90 | NOTE | |
r-release-macos-arm64 | 2.2.7 | 34.00 | NOTE | |||
r-release-macos-x86_64 | 2.2.7 | 49.00 | WARN | |||
r-release-windows-x86_64 | 2.2.7 | 22.00 | 83.00 | 105.00 | NOTE | |
r-oldrel-macos-arm64 | 2.2.7 | 33.00 | OK | |||
r-oldrel-macos-x86_64 | 2.2.7 | 59.00 | OK | |||
r-oldrel-windows-x86_64 | 2.2.7 | 19.00 | 85.00 | 104.00 | OK |
Version: 2.2.7
Check: Rd files
Result: NOTE
checkRd: (-1) DataSets.Rd:10: Lost braces; missing escapes or markup?
10 | \format{the \code{PvarQuantileDF} is a \code{data.frame} with fields \code{prob} an {Qaunt}.
| ^
Flavors: r-devel-linux-x86_64-debian-clang, r-devel-linux-x86_64-debian-gcc, r-devel-linux-x86_64-fedora-clang, r-devel-linux-x86_64-fedora-gcc, r-devel-windows-x86_64, r-patched-linux-x86_64, r-release-linux-x86_64, r-release-macos-arm64, r-release-macos-x86_64, r-release-windows-x86_64
Version: 2.2.7
Check: re-building of vignette outputs
Result: WARN
Error(s) in re-building vignettes:
...
--- re-building ‘pvar_intro.Rnw’ using knitr
Error: processing vignette 'pvar_intro.Rnw' failed with diagnostics:
Running 'texi2dvi' on 'pvar_intro.tex' failed.
LaTeX errors:
! Undefined control sequence.
l.129 \hldef
{N} \hlkwb{<-} \hlnum{1000}
?
! Emergency stop.
! Emergency stop.
l.129
End of file on the terminal!
! ==> Fatal error occurred, no output PDF file produced!
--- failed re-building ‘pvar_intro.Rnw’
SUMMARY: processing the following file failed:
‘pvar_intro.Rnw’
Error: Vignette re-building failed.
Execution halted
Flavor: r-release-macos-x86_64