Last updated on 2024-07-18 09:52:32 CEST.
Flavor | Version | Tinstall | Tcheck | Ttotal | Status | Flags |
---|---|---|---|---|---|---|
r-devel-linux-x86_64-debian-clang | 1.1.1 | 59.12 | 35.74 | 94.86 | OK | |
r-devel-linux-x86_64-debian-gcc | 1.1.1 | 49.60 | 30.77 | 80.37 | OK | |
r-devel-linux-x86_64-fedora-clang | 1.1.1 | 133.17 | NOTE | |||
r-devel-linux-x86_64-fedora-gcc | 1.1.1 | 173.66 | NOTE | |||
r-devel-windows-x86_64 | 1.1.1 | 46.00 | 69.00 | 115.00 | OK | |
r-patched-linux-x86_64 | 1.1.1 | 59.33 | 39.43 | 98.76 | OK | |
r-release-linux-x86_64 | 1.1.1 | 55.07 | 38.97 | 94.04 | OK | |
r-release-macos-arm64 | 1.1.1 | 46.00 | NOTE | |||
r-release-macos-x86_64 | 1.1.1 | 80.00 | NOTE | |||
r-release-windows-x86_64 | 1.1.1 | 47.00 | 71.00 | 118.00 | OK | |
r-oldrel-macos-arm64 | 1.1.1 | 45.00 | NOTE | |||
r-oldrel-macos-x86_64 | 1.1.1 | 68.00 | NOTE | |||
r-oldrel-windows-x86_64 | 1.1.1 | 59.00 | 77.00 | 136.00 | OK |
Version: 1.1.1
Check: dependencies in R code
Result: NOTE
Namespaces in Imports field not imported from:
‘Rcpp’ ‘RcppEigen’
All declared Imports should be used.
Flavors: r-devel-linux-x86_64-fedora-clang, r-devel-linux-x86_64-fedora-gcc
Version: 1.1.1
Check: installed package size
Result: NOTE
installed size is 23.4Mb
sub-directories of 1Mb or more:
libs 23.2Mb
Flavors: r-release-macos-arm64, r-release-macos-x86_64, r-oldrel-macos-arm64, r-oldrel-macos-x86_64