Last updated on 2024-07-18 09:52:32 CEST.
Flavor | Version | Tinstall | Tcheck | Ttotal | Status | Flags |
---|---|---|---|---|---|---|
r-devel-linux-x86_64-debian-clang | 0.2.2 | 3.09 | 55.29 | 58.38 | OK | |
r-devel-linux-x86_64-debian-gcc | 0.2.2 | 2.50 | 37.97 | 40.47 | OK | |
r-devel-linux-x86_64-fedora-clang | 0.2.2 | 74.06 | NOTE | |||
r-devel-linux-x86_64-fedora-gcc | 0.2.2 | 68.27 | OK | |||
r-devel-windows-x86_64 | 0.2.2 | 4.00 | 56.00 | 60.00 | OK | |
r-patched-linux-x86_64 | 0.2.2 | 3.99 | 49.69 | 53.68 | OK | |
r-release-linux-x86_64 | 0.2.2 | 3.17 | 51.28 | 54.45 | OK | |
r-release-macos-arm64 | 0.2.2 | 21.00 | OK | |||
r-release-macos-x86_64 | 0.2.2 | 32.00 | OK | |||
r-release-windows-x86_64 | 0.2.2 | 4.00 | 58.00 | 62.00 | OK | |
r-oldrel-macos-arm64 | 0.2.2 | 27.00 | OK | |||
r-oldrel-macos-x86_64 | 0.2.2 | 55.00 | OK | |||
r-oldrel-windows-x86_64 | 0.2.2 | 6.00 | 66.00 | 72.00 | OK |
Version: 0.2.2
Check: package dependencies
Result: NOTE
Package suggested but not available for checking: ‘opencv’
Flavor: r-devel-linux-x86_64-fedora-clang