Last updated on 2024-07-18 09:52:33 CEST.
Flavor | Version | Tinstall | Tcheck | Ttotal | Status | Flags |
---|---|---|---|---|---|---|
r-devel-linux-x86_64-debian-clang | 0.1.6 | 33.35 | 34.66 | 68.01 | OK | |
r-devel-linux-x86_64-debian-gcc | 0.1.6 | 37.77 | 25.97 | 63.74 | OK | |
r-devel-linux-x86_64-fedora-clang | 0.1.6 | 94.14 | NOTE | |||
r-devel-linux-x86_64-fedora-gcc | 0.1.6 | 126.85 | OK | |||
r-devel-windows-x86_64 | 0.1.6 | 36.00 | 57.00 | 93.00 | OK | |
r-patched-linux-x86_64 | 0.1.6 | 45.06 | 33.23 | 78.29 | OK | |
r-release-linux-x86_64 | 0.1.6 | 47.21 | 33.56 | 80.77 | OK | |
r-release-macos-arm64 | 0.1.6 | 39.00 | OK | |||
r-release-macos-x86_64 | 0.1.6 | 73.00 | OK | |||
r-release-windows-x86_64 | 0.1.6 | 36.00 | 58.00 | 94.00 | OK | |
r-oldrel-macos-arm64 | 0.1.6 | 44.00 | OK | |||
r-oldrel-macos-x86_64 | 0.1.6 | 122.00 | OK | |||
r-oldrel-windows-x86_64 | 0.1.6 | 30.00 | 62.00 | 92.00 | OK |
Version: 0.1.6
Check: installed package size
Result: NOTE
installed size is 5.4Mb
sub-directories of 1Mb or more:
libs 4.6Mb
Flavor: r-devel-linux-x86_64-fedora-clang