Last updated on 2024-07-18 04:50:25 CEST.
Flavor | Version | Tinstall | Tcheck | Ttotal | Status | Flags |
---|---|---|---|---|---|---|
r-devel-linux-x86_64-debian-clang | 0.9.6 | 8.87 | 66.59 | 75.46 | NOTE | |
r-devel-linux-x86_64-debian-gcc | 0.9.6 | 5.57 | 49.76 | 55.33 | NOTE | |
r-devel-linux-x86_64-fedora-clang | 0.9.6 | 96.54 | NOTE | |||
r-devel-linux-x86_64-fedora-gcc | 0.9.6 | 87.18 | NOTE | |||
r-devel-windows-x86_64 | 0.9.6 | 9.00 | 68.00 | 77.00 | NOTE | |
r-patched-linux-x86_64 | 0.9.6 | 7.03 | 63.15 | 70.18 | NOTE | |
r-release-linux-x86_64 | 0.9.6 | 5.43 | 63.73 | 69.16 | NOTE | |
r-release-macos-arm64 | 0.9.6 | 27.00 | NOTE | |||
r-release-macos-x86_64 | 0.9.6 | 43.00 | NOTE | |||
r-release-windows-x86_64 | 0.9.6 | 9.00 | 68.00 | 77.00 | NOTE | |
r-oldrel-macos-arm64 | 0.9.6 | 30.00 | NOTE | |||
r-oldrel-macos-x86_64 | 0.9.6 | 47.00 | NOTE | |||
r-oldrel-windows-x86_64 | 0.9.6 | 9.00 | 79.00 | 88.00 | NOTE |
Version: 0.9.6
Check: LazyData
Result: NOTE
'LazyData' is specified without a 'data' directory
Flavors: r-devel-linux-x86_64-debian-clang, r-devel-linux-x86_64-debian-gcc, r-devel-linux-x86_64-fedora-clang, r-devel-linux-x86_64-fedora-gcc, r-devel-windows-x86_64, r-patched-linux-x86_64, r-release-linux-x86_64, r-release-macos-arm64, r-release-macos-x86_64, r-release-windows-x86_64, r-oldrel-macos-arm64, r-oldrel-macos-x86_64, r-oldrel-windows-x86_64