Last updated on 2024-07-18 09:52:33 CEST.
Flavor | Version | Tinstall | Tcheck | Ttotal | Status | Flags |
---|---|---|---|---|---|---|
r-devel-linux-x86_64-debian-clang | 1.6.6 | 29.12 | 232.09 | 261.21 | OK | |
r-devel-linux-x86_64-debian-gcc | 1.6.6 | 22.57 | 172.32 | 194.89 | OK | |
r-devel-linux-x86_64-fedora-clang | 1.6.6 | 350.90 | NOTE | |||
r-devel-linux-x86_64-fedora-gcc | 1.6.6 | 309.30 | OK | |||
r-devel-windows-x86_64 | 1.6.6 | 28.00 | 201.00 | 229.00 | NOTE | |
r-patched-linux-x86_64 | 1.6.6 | 38.28 | 221.28 | 259.56 | OK | |
r-release-linux-x86_64 | 1.6.6 | 29.65 | 221.94 | 251.59 | OK | |
r-release-macos-arm64 | 1.6.6 | 56.00 | OK | |||
r-release-macos-x86_64 | 1.6.6 | 136.00 | OK | |||
r-release-windows-x86_64 | 1.6.6 | 29.00 | 200.00 | 229.00 | OK | |
r-oldrel-macos-arm64 | 1.6.6 | 75.00 | OK | |||
r-oldrel-macos-x86_64 | 1.6.6 | 124.00 | OK | |||
r-oldrel-windows-x86_64 | 1.6.6 | 37.00 | 254.00 | 291.00 | OK |
Version: 1.6.6
Check: package dependencies
Result: NOTE
Imports includes 30 non-default packages.
Importing from so many packages makes the package vulnerable to any of
them becoming unavailable. Move as many as possible to Suggests and
use conditionally.
Flavor: r-devel-linux-x86_64-fedora-clang
Version: 1.6.6
Check: Rd cross-references
Result: NOTE
Found the following Rd file(s) with Rd \link{} targets missing package
anchors:
plot.crtree.Rd: plot.rpart
scale_df.Rd: copy_attr
Please provide package anchors for all Rd \link{} targets not in the
package itself and the base packages.
Flavor: r-devel-windows-x86_64