Last updated on 2024-07-18 09:52:33 CEST.
Flavor | Version | Tinstall | Tcheck | Ttotal | Status | Flags |
---|---|---|---|---|---|---|
r-devel-linux-x86_64-debian-clang | 1.3.2 | 212.19 | 40.91 | 253.10 | OK | |
r-devel-linux-x86_64-debian-gcc | 1.3.2 | 206.92 | 30.54 | 237.46 | OK | |
r-devel-linux-x86_64-fedora-clang | 1.3.2 | 315.36 | OK | |||
r-devel-linux-x86_64-fedora-gcc | 1.3.2 | 553.06 | OK | |||
r-devel-windows-x86_64 | 1.3.2 | 219.00 | 92.00 | 311.00 | NOTE | |
r-patched-linux-x86_64 | 1.3.2 | 246.35 | 38.76 | 285.11 | OK | |
r-release-linux-x86_64 | 1.3.2 | 255.64 | 38.31 | 293.95 | OK | |
r-release-macos-arm64 | 1.3.2 | 97.00 | NOTE | |||
r-release-macos-x86_64 | 1.3.2 | 91.00 | NOTE | |||
r-release-windows-x86_64 | 1.3.2 | 219.00 | 91.00 | 310.00 | NOTE | |
r-oldrel-macos-arm64 | 1.3.2 | 97.00 | NOTE | |||
r-oldrel-macos-x86_64 | 1.3.2 | 125.00 | NOTE | |||
r-oldrel-windows-x86_64 | 1.3.2 | 256.00 | 107.00 | 363.00 | NOTE |
Version: 1.3.2
Check: installed package size
Result: NOTE
installed size is 5.1Mb
sub-directories of 1Mb or more:
libs 4.9Mb
Flavors: r-devel-windows-x86_64, r-release-macos-arm64, r-release-macos-x86_64, r-release-windows-x86_64, r-oldrel-macos-arm64, r-oldrel-macos-x86_64, r-oldrel-windows-x86_64