Last updated on 2024-07-18 09:52:33 CEST.
Flavor | Version | Tinstall | Tcheck | Ttotal | Status | Flags |
---|---|---|---|---|---|---|
r-devel-linux-x86_64-debian-clang | 0.32.2 | 506.61 | 104.99 | 611.60 | OK | |
r-devel-linux-x86_64-debian-gcc | 0.32.2 | 326.67 | 75.76 | 402.43 | OK | |
r-devel-linux-x86_64-fedora-clang | 0.32.2 | 803.65 | OK | |||
r-devel-linux-x86_64-fedora-gcc | 0.32.2 | 835.32 | WARN | |||
r-devel-windows-x86_64 | 0.32.2 | 412.00 | 146.00 | 558.00 | OK | |
r-patched-linux-x86_64 | 0.32.2 | 417.75 | 98.62 | 516.37 | OK | |
r-release-linux-x86_64 | 0.32.2 | 315.32 | 96.85 | 412.17 | OK | |
r-release-macos-arm64 | 0.32.2 | 146.00 | NOTE | |||
r-release-macos-x86_64 | 0.32.2 | 162.00 | NOTE | |||
r-release-windows-x86_64 | 0.32.2 | 416.00 | 143.00 | 559.00 | OK | |
r-oldrel-macos-arm64 | 0.32.2 | 158.00 | NOTE | |||
r-oldrel-macos-x86_64 | 0.32.2 | 164.00 | NOTE | |||
r-oldrel-windows-x86_64 | 0.32.2 | 504.00 | 169.00 | 673.00 | OK |
Version: 0.32.2
Check: whether package can be installed
Result: WARN
Found the following significant warnings:
normal.h:15:35: warning: template-id not allowed for constructor in C++20 [-Wtemplate-id-cdtor]
vec2.h:14:19: warning: template-id not allowed for constructor in C++20 [-Wtemplate-id-cdtor]
vec2.h:15:19: warning: template-id not allowed for constructor in C++20 [-Wtemplate-id-cdtor]
point2.h:16:21: warning: template-id not allowed for constructor in C++20 [-Wtemplate-id-cdtor]
point2.h:17:21: warning: template-id not allowed for constructor in C++20 [-Wtemplate-id-cdtor]
See ‘/data/gannet/ripley/R/packages/tests-devel/rayrender.Rcheck/00install.out’ for details.
* used C++ compiler: ‘g++-14 (GCC) 14.1.0’
Flavor: r-devel-linux-x86_64-fedora-gcc
Version: 0.32.2
Check: installed package size
Result: NOTE
installed size is 20.9Mb
sub-directories of 1Mb or more:
libs 20.2Mb
Flavors: r-release-macos-arm64, r-release-macos-x86_64, r-oldrel-macos-arm64, r-oldrel-macos-x86_64