Last updated on 2024-07-18 09:52:33 CEST.
Flavor | Version | Tinstall | Tcheck | Ttotal | Status | Flags |
---|---|---|---|---|---|---|
r-devel-linux-x86_64-debian-clang | 0.1.0 | 31.39 | 498.99 | 530.38 | OK | |
r-devel-linux-x86_64-debian-gcc | 0.1.0 | 25.51 | 348.84 | 374.35 | OK | |
r-devel-linux-x86_64-fedora-clang | 0.1.0 | 643.12 | OK | |||
r-devel-linux-x86_64-fedora-gcc | 0.1.0 | 606.51 | OK | |||
r-devel-windows-x86_64 | 0.1.0 | 25.00 | 281.00 | 306.00 | NOTE | |
r-patched-linux-x86_64 | 0.1.0 | 35.56 | 452.05 | 487.61 | OK | |
r-release-linux-x86_64 | 0.1.0 | 27.65 | 457.19 | 484.84 | OK | |
r-release-macos-arm64 | 0.1.0 | 138.00 | OK | |||
r-release-macos-x86_64 | 0.1.0 | 278.00 | OK | |||
r-release-windows-x86_64 | 0.1.0 | 25.00 | 283.00 | 308.00 | OK | |
r-oldrel-macos-arm64 | 0.1.0 | 150.00 | OK | |||
r-oldrel-macos-x86_64 | 0.1.0 | 290.00 | OK | |||
r-oldrel-windows-x86_64 | 0.1.0 | 34.00 | 371.00 | 405.00 | OK |
Version: 0.1.0
Check: Rd cross-references
Result: NOTE
Found the following Rd file(s) with Rd \link{} targets missing package
anchors:
rbgm-package.Rd: SpatialPolygonsDataFrame, SpatialLinesDataFrame
Please provide package anchors for all Rd \link{} targets not in the
package itself and the base packages.
Flavor: r-devel-windows-x86_64