Last updated on 2024-07-18 09:52:33 CEST.
Flavor | Version | Tinstall | Tcheck | Ttotal | Status | Flags |
---|---|---|---|---|---|---|
r-devel-linux-x86_64-debian-clang | 0.1.4 | 14.99 | 124.06 | 139.05 | NOTE | |
r-devel-linux-x86_64-debian-gcc | 0.1.4 | 8.95 | 92.06 | 101.01 | NOTE | |
r-devel-linux-x86_64-fedora-clang | 0.1.4 | 182.52 | NOTE | |||
r-devel-linux-x86_64-fedora-gcc | 0.1.4 | 176.70 | NOTE | |||
r-devel-windows-x86_64 | 0.1.4 | 14.00 | 153.00 | 167.00 | NOTE | |
r-patched-linux-x86_64 | 0.1.4 | 19.78 | 118.25 | 138.03 | NOTE | |
r-release-linux-x86_64 | 0.1.4 | 7.95 | 116.94 | 124.89 | NOTE | |
r-release-macos-arm64 | 0.1.4 | 57.00 | NOTE | |||
r-release-macos-x86_64 | 0.1.4 | 84.00 | NOTE | |||
r-release-windows-x86_64 | 0.1.4 | 14.00 | 154.00 | 168.00 | NOTE | |
r-oldrel-macos-arm64 | 0.1.4 | 55.00 | NOTE | |||
r-oldrel-macos-x86_64 | 0.1.4 | 93.00 | NOTE | |||
r-oldrel-windows-x86_64 | 0.1.4 | 15.00 | 173.00 | 188.00 | NOTE |
Version: 0.1.4
Check: LazyData
Result: NOTE
'LazyData' is specified without a 'data' directory
Flavors: r-devel-linux-x86_64-debian-clang, r-devel-linux-x86_64-debian-gcc, r-devel-linux-x86_64-fedora-clang, r-devel-linux-x86_64-fedora-gcc, r-devel-windows-x86_64, r-patched-linux-x86_64, r-release-linux-x86_64, r-release-macos-arm64, r-release-macos-x86_64, r-release-windows-x86_64, r-oldrel-macos-arm64, r-oldrel-macos-x86_64, r-oldrel-windows-x86_64
Version: 0.1.4
Check: Rd cross-references
Result: NOTE
Found the following Rd file(s) with Rd \link{} targets missing package
anchors:
dfp_auth.Rd: Token-class
Please provide package anchors for all Rd \link{} targets not in the
package itself and the base packages.
Flavor: r-devel-windows-x86_64