Last updated on 2024-07-18 09:52:33 CEST.
Flavor | Version | Tinstall | Tcheck | Ttotal | Status | Flags |
---|---|---|---|---|---|---|
r-devel-linux-x86_64-debian-clang | 1.1.0 | 26.63 | 512.42 | 539.05 | OK | |
r-devel-linux-x86_64-debian-gcc | 1.1.0 | 23.34 | 379.85 | 403.19 | OK | |
r-devel-linux-x86_64-fedora-clang | 1.1.0 | 470.03 | NOTE | |||
r-devel-linux-x86_64-fedora-gcc | 1.1.0 | 515.51 | OK | |||
r-devel-windows-x86_64 | 1.1.0 | 26.00 | 394.00 | 420.00 | OK | |
r-patched-linux-x86_64 | 1.1.0 | 35.41 | 482.15 | 517.56 | OK | |
r-release-linux-x86_64 | 1.1.0 | 26.39 | 490.86 | 517.25 | OK | |
r-release-macos-arm64 | 1.1.0 | 190.00 | OK | |||
r-release-macos-x86_64 | 1.1.0 | 525.00 | OK | |||
r-release-windows-x86_64 | 1.1.0 | 29.00 | 399.00 | 428.00 | OK | |
r-oldrel-macos-arm64 | 1.1.0 | 13.00 | ERROR | |||
r-oldrel-macos-x86_64 | 1.1.0 | 11.00 | ERROR | |||
r-oldrel-windows-x86_64 | 1.1.0 | 35.00 | 515.00 | 550.00 | OK |
Version: 1.1.0
Check: Rd cross-references
Result: NOTE
Undeclared packages ‘fastICA’, ‘dimRed’ in Rd xrefs
Flavor: r-devel-linux-x86_64-fedora-clang
Version: 1.1.0
Check: package dependencies
Result: ERROR
Package required and available but unsuitable version: ‘hardhat’
See section ‘The DESCRIPTION file’ in the ‘Writing R Extensions’
manual.
Flavors: r-oldrel-macos-arm64, r-oldrel-macos-x86_64