Last updated on 2024-07-18 09:52:33 CEST.
Flavor | Version | Tinstall | Tcheck | Ttotal | Status | Flags |
---|---|---|---|---|---|---|
r-devel-linux-x86_64-debian-clang | 1.0.17 | 25.25 | 184.53 | 209.78 | OK | |
r-devel-linux-x86_64-debian-gcc | 1.0.17 | 18.81 | 134.54 | 153.35 | OK | |
r-devel-linux-x86_64-fedora-clang | 1.0.17 | 260.96 | NOTE | |||
r-devel-linux-x86_64-fedora-gcc | 1.0.17 | 265.17 | NOTE | |||
r-devel-windows-x86_64 | 1.0.17 | 23.00 | 155.00 | 178.00 | NOTE | |
r-patched-linux-x86_64 | 1.0.17 | 26.49 | 171.65 | 198.14 | OK | |
r-release-linux-x86_64 | 1.0.17 | 22.15 | 174.99 | 197.14 | OK | |
r-release-macos-arm64 | 1.0.17 | 66.00 | OK | |||
r-release-macos-x86_64 | 1.0.17 | 110.00 | OK | |||
r-release-windows-x86_64 | 1.0.17 | 24.00 | 156.00 | 180.00 | OK | |
r-oldrel-macos-arm64 | 1.0.17 | 70.00 | OK | |||
r-oldrel-macos-x86_64 | 1.0.17 | 211.00 | OK | |||
r-oldrel-windows-x86_64 | 1.0.17 | 29.00 | 185.00 | 214.00 | OK |
Version: 1.0.17
Check: data for non-ASCII characters
Result: NOTE
Note: found 1036 marked UTF-8 strings
Flavors: r-devel-linux-x86_64-fedora-clang, r-devel-linux-x86_64-fedora-gcc
Version: 1.0.17
Check: Rd cross-references
Result: NOTE
Found the following Rd file(s) with Rd \link{} targets missing package
anchors:
as.recmap.SpatialPolygonsDataFrame.Rd: SpatialPolygonsDataFrame
dot-get_7triangles.Rd: SpatialPolygons
Please provide package anchors for all Rd \link{} targets not in the
package itself and the base packages.
Flavor: r-devel-windows-x86_64