Last updated on 2024-07-18 09:52:33 CEST.
Flavor | Version | Tinstall | Tcheck | Ttotal | Status | Flags |
---|---|---|---|---|---|---|
r-devel-linux-x86_64-debian-clang | 1.1.4 | 7.96 | 49.57 | 57.53 | OK | |
r-devel-linux-x86_64-debian-gcc | 1.1.4 | 5.29 | 36.72 | 42.01 | OK | |
r-devel-linux-x86_64-fedora-clang | 1.1.4 | 74.49 | OK | |||
r-devel-linux-x86_64-fedora-gcc | 1.1.4 | 82.08 | OK | |||
r-devel-windows-x86_64 | 1.1.4 | 25.00 | 85.00 | 110.00 | NOTE | |
r-patched-linux-x86_64 | 1.1.4 | 9.10 | 47.25 | 56.35 | OK | |
r-release-linux-x86_64 | 1.1.4 | 6.46 | 46.86 | 53.32 | OK | |
r-release-macos-arm64 | 1.1.4 | 36.00 | OK | |||
r-release-macos-x86_64 | 1.1.4 | 50.00 | OK | |||
r-release-windows-x86_64 | 1.1.4 | 22.00 | 78.00 | 100.00 | OK | |
r-oldrel-macos-arm64 | 1.1.4 | 48.00 | OK | |||
r-oldrel-macos-x86_64 | 1.1.4 | 84.00 | OK | |||
r-oldrel-windows-x86_64 | 1.1.4 | 27.00 | 81.00 | 108.00 | OK |
Version: 1.1.4
Check: Rd cross-references
Result: NOTE
Found the following Rd file(s) with Rd \link{} targets missing package
anchors:
storr_redis_api.Rd: storr
Please provide package anchors for all Rd \link{} targets not in the
package itself and the base packages.
Flavor: r-devel-windows-x86_64