Last updated on 2024-07-18 09:52:33 CEST.
Flavor | Version | Tinstall | Tcheck | Ttotal | Status | Flags |
---|---|---|---|---|---|---|
r-devel-linux-x86_64-debian-clang | 1.0.1 | 12.73 | 247.06 | 259.79 | OK | |
r-devel-linux-x86_64-debian-gcc | 1.0.1 | 8.52 | 176.43 | 184.95 | OK | |
r-devel-linux-x86_64-fedora-clang | 1.0.1 | 323.39 | NOTE | |||
r-devel-linux-x86_64-fedora-gcc | 1.0.1 | 319.56 | NOTE | |||
r-devel-windows-x86_64 | 1.0.1 | 9.00 | 189.00 | 198.00 | OK | |
r-patched-linux-x86_64 | 1.0.1 | 10.58 | 228.83 | 239.41 | OK | |
r-release-linux-x86_64 | 1.0.1 | 9.81 | 233.58 | 243.39 | OK | |
r-release-macos-arm64 | 1.0.1 | 114.00 | OK | |||
r-release-macos-x86_64 | 1.0.1 | 188.00 | OK | |||
r-release-windows-x86_64 | 1.0.1 | 9.00 | 194.00 | 203.00 | OK | |
r-oldrel-macos-arm64 | 1.0.1 | 104.00 | OK | |||
r-oldrel-macos-x86_64 | 1.0.1 | 212.00 | OK | |||
r-oldrel-windows-x86_64 | 1.0.1 | 13.00 | 236.00 | 249.00 | OK |
Version: 1.0.1
Check: dependencies in R code
Result: NOTE
Namespace in Imports field not imported from: ‘Deriv’
All declared Imports should be used.
Flavors: r-devel-linux-x86_64-fedora-clang, r-devel-linux-x86_64-fedora-gcc