Last updated on 2024-07-18 09:52:33 CEST.
Flavor | Version | Tinstall | Tcheck | Ttotal | Status | Flags |
---|---|---|---|---|---|---|
r-devel-linux-x86_64-debian-clang | 1.4 | 17.59 | 136.60 | 154.19 | OK | |
r-devel-linux-x86_64-debian-gcc | 1.4 | 12.48 | 100.99 | 113.47 | OK | |
r-devel-linux-x86_64-fedora-clang | 1.4 | 164.15 | OK | |||
r-devel-linux-x86_64-fedora-gcc | 1.4 | 198.63 | OK | |||
r-devel-windows-x86_64 | 1.4 | 13.00 | 112.00 | 125.00 | NOTE | |
r-patched-linux-x86_64 | 1.4 | 23.51 | 130.84 | 154.35 | OK | |
r-release-linux-x86_64 | 1.4 | 12.18 | 131.95 | 144.13 | OK | |
r-release-macos-arm64 | 1.4 | 110.00 | OK | |||
r-release-macos-x86_64 | 1.4 | 99.00 | OK | |||
r-release-windows-x86_64 | 1.4 | 15.00 | 115.00 | 130.00 | OK | |
r-oldrel-macos-arm64 | 1.4 | 73.00 | OK | |||
r-oldrel-macos-x86_64 | 1.4 | 134.00 | OK | |||
r-oldrel-windows-x86_64 | 1.4 | 17.00 | 133.00 | 150.00 | OK |
Version: 1.4
Check: Rd cross-references
Result: NOTE
Found the following Rd file(s) with Rd \link{} targets missing package
anchors:
createDatamatrix.Rd: FamiliasLocus
relMix.Rd: FamiliasPedigree, FamiliasLocus, Familias,
FamiliasPosterior
Please provide package anchors for all Rd \link{} targets not in the
package itself and the base packages.
Flavor: r-devel-windows-x86_64