Last updated on 2024-07-18 09:52:34 CEST.
Flavor | Version | Tinstall | Tcheck | Ttotal | Status | Flags |
---|---|---|---|---|---|---|
r-devel-linux-x86_64-debian-clang | 1.3 | 6.43 | 51.03 | 57.46 | OK | |
r-devel-linux-x86_64-debian-gcc | 1.3 | 4.64 | 38.46 | 43.10 | OK | |
r-devel-linux-x86_64-fedora-clang | 1.3 | 71.12 | NOTE | |||
r-devel-linux-x86_64-fedora-gcc | 1.3 | 65.06 | NOTE | |||
r-devel-windows-x86_64 | 1.3 | 7.00 | 56.00 | 63.00 | OK | |
r-patched-linux-x86_64 | 1.3 | 6.31 | 47.70 | 54.01 | OK | |
r-release-linux-x86_64 | 1.3 | 5.05 | 48.46 | 53.51 | OK | |
r-release-macos-arm64 | 1.3 | 26.00 | OK | |||
r-release-macos-x86_64 | 1.3 | 34.00 | OK | |||
r-release-windows-x86_64 | 1.3 | 6.00 | 56.00 | 62.00 | OK | |
r-oldrel-macos-arm64 | 1.3 | 34.00 | OK | |||
r-oldrel-macos-x86_64 | 1.3 | 58.00 | OK | |||
r-oldrel-windows-x86_64 | 1.3 | 8.00 | 62.00 | 70.00 | OK |
Version: 1.3
Check: dependencies in R code
Result: NOTE
Namespace in Imports field not imported from: ‘hoardr’
All declared Imports should be used.
Flavors: r-devel-linux-x86_64-fedora-clang, r-devel-linux-x86_64-fedora-gcc