Last updated on 2024-07-18 09:52:34 CEST.
Flavor | Version | Tinstall | Tcheck | Ttotal | Status | Flags |
---|---|---|---|---|---|---|
r-devel-linux-x86_64-debian-clang | 1.1.1 | 4.85 | 83.27 | 88.12 | OK | |
r-devel-linux-x86_64-debian-gcc | 1.1.1 | 3.42 | 62.06 | 65.48 | OK | |
r-devel-linux-x86_64-fedora-clang | 1.1.1 | 110.59 | OK | |||
r-devel-linux-x86_64-fedora-gcc | 1.1.1 | 116.01 | OK | |||
r-devel-windows-x86_64 | 1.1.1 | 5.00 | 104.00 | 109.00 | OK | |
r-patched-linux-x86_64 | 1.1.1 | 4.62 | 81.34 | 85.96 | OK | |
r-release-linux-x86_64 | 1.1.1 | 2.57 | 80.26 | 82.83 | OK | |
r-release-macos-arm64 | 1.1.1 | 52.00 | OK | |||
r-release-macos-x86_64 | 1.1.1 | 101.00 | OK | |||
r-release-windows-x86_64 | 1.1.1 | 4.00 | 104.00 | 108.00 | OK | |
r-oldrel-macos-arm64 | 1.1.1 | 60.00 | ERROR | |||
r-oldrel-macos-x86_64 | 1.1.1 | 87.00 | ERROR | |||
r-oldrel-windows-x86_64 | 1.1.1 | 6.00 | 124.00 | 130.00 | OK |
Version: 1.1.1
Check: running R code from vignettes
Result: ERROR
Errors in running code in vignettes:
when running code in ‘remap.Rmd’
...
9 4.4 2.9 1.4 0.2 setosa
10 4.9 3.1 1.5 0.1 setosa
> R.utils::withOptions({
+ import("example.xlsx", sheet = "iris", n_max = 10, pizza = "pineapple")
+ }, rio.ignoreunusedargs = FALSE)
When sourcing ‘remap.R’:
Error: unused argument (pizza = "pineapple")
Execution halted
‘extension.Rmd’ using ‘UTF-8’... [0s/0s] OK
‘labelled.Rmd’ using ‘UTF-8’... [1s/1s] OK
‘philosophy.Rmd’ using ‘UTF-8’... [0s/0s] OK
‘remap.Rmd’ using ‘UTF-8’... failed
‘rio.Rmd’ using ‘UTF-8’... [1s/1s] OK
Flavor: r-oldrel-macos-arm64
Version: 1.1.1
Check: running R code from vignettes
Result: ERROR
Errors in running code in vignettes:
when running code in ‘remap.Rmd’
...
9 4.4 2.9 1.4 0.2 setosa
10 4.9 3.1 1.5 0.1 setosa
> R.utils::withOptions({
+ import("example.xlsx", sheet = "iris", n_max = 10, pizza = "pineapple")
+ }, rio.ignoreunusedargs = FALSE)
When sourcing ‘remap.R’:
Error: unused argument (pizza = "pineapple")
Execution halted
‘extension.Rmd’ using ‘UTF-8’... [0s/0s] OK
‘labelled.Rmd’ using ‘UTF-8’... [1s/1s] OK
‘philosophy.Rmd’ using ‘UTF-8’... [0s/0s] OK
‘remap.Rmd’ using ‘UTF-8’... failed
‘rio.Rmd’ using ‘UTF-8’... [1s/2s] OK
Flavor: r-oldrel-macos-x86_64