Last updated on 2024-07-18 09:52:34 CEST.
Flavor | Version | Tinstall | Tcheck | Ttotal | Status | Flags |
---|---|---|---|---|---|---|
r-devel-linux-x86_64-debian-clang | 2023.12.21 | 341.65 | 379.30 | 720.95 | OK | |
r-devel-linux-x86_64-debian-gcc | 2023.12.21 | 206.06 | 275.74 | 481.80 | OK | |
r-devel-linux-x86_64-fedora-clang | 2023.12.21 | 876.65 | OK | |||
r-devel-linux-x86_64-fedora-gcc | 2023.12.21 | 888.03 | OK | |||
r-devel-windows-x86_64 | 2023.12.21 | 239.00 | 311.00 | 550.00 | NOTE | |
r-patched-linux-x86_64 | 2023.12.21 | 212.71 | 362.96 | 575.67 | OK | |
r-release-linux-x86_64 | 2023.12.21 | 206.34 | 357.06 | 563.40 | OK | |
r-release-macos-arm64 | 2023.12.21 | 185.00 | NOTE | |||
r-release-macos-x86_64 | 2023.12.21 | 237.00 | NOTE | |||
r-release-windows-x86_64 | 2023.12.21 | 237.00 | 314.00 | 551.00 | OK | |
r-oldrel-macos-arm64 | 2023.12.21 | 222.00 | NOTE | |||
r-oldrel-macos-x86_64 | 2023.12.21 | 346.00 | NOTE | |||
r-oldrel-windows-x86_64 | 2023.12.21 | 301.00 | 397.00 | 698.00 | OK |
Version: 2023.12.21
Check: Rd cross-references
Result: NOTE
Found the following Rd file(s) with Rd \link{} targets missing package
anchors:
CSC.Rd: coxph
FGR.Rd: Hist
ate.Rd: as.data.table
plot.riskRegression.Rd: SmartControl
plotBrier.Rd: SmartControl
plotCalibration.Rd: SmartControl
plotEffects.Rd: SmartControl
plotPredictRisk.Rd: SmartControl
plotROC.Rd: SmartControl
plotRisk.Rd: SmartControl
selectCox.Rd: fastbw
summary.ate.Rd: as.data.table
Please provide package anchors for all Rd \link{} targets not in the
package itself and the base packages.
Flavor: r-devel-windows-x86_64
Version: 2023.12.21
Check: installed package size
Result: NOTE
installed size is 10.2Mb
sub-directories of 1Mb or more:
R 1.1Mb
libs 8.7Mb
Flavors: r-release-macos-arm64, r-release-macos-x86_64, r-oldrel-macos-arm64, r-oldrel-macos-x86_64