Last updated on 2024-07-18 09:52:34 CEST.
Flavor | Version | Tinstall | Tcheck | Ttotal | Status | Flags |
---|---|---|---|---|---|---|
r-devel-linux-x86_64-debian-clang | 1.0.0.1 | 6.65 | 49.48 | 56.13 | NOTE | |
r-devel-linux-x86_64-debian-gcc | 1.0.0.1 | 4.13 | 38.16 | 42.29 | NOTE | |
r-devel-linux-x86_64-fedora-clang | 1.0.0.1 | 74.70 | NOTE | |||
r-devel-linux-x86_64-fedora-gcc | 1.0.0.1 | 79.93 | NOTE | |||
r-devel-windows-x86_64 | 1.0.0.1 | 7.00 | 59.00 | 66.00 | NOTE | |
r-patched-linux-x86_64 | 1.0.0.1 | 5.95 | 47.78 | 53.73 | NOTE | |
r-release-linux-x86_64 | 1.0.0.1 | 3.76 | 47.50 | 51.26 | NOTE | |
r-release-macos-arm64 | 1.0.0.1 | 31.00 | NOTE | |||
r-release-macos-x86_64 | 1.0.0.1 | 83.00 | NOTE | |||
r-release-windows-x86_64 | 1.0.0.1 | 6.00 | 59.00 | 65.00 | NOTE | |
r-oldrel-macos-arm64 | 1.0.0.1 | 30.00 | NOTE | |||
r-oldrel-macos-x86_64 | 1.0.0.1 | 46.00 | NOTE | |||
r-oldrel-windows-x86_64 | 1.0.0.1 | 7.00 | 64.00 | 71.00 | NOTE |
Version: 1.0.0.1
Check: LazyData
Result: NOTE
'LazyData' is specified without a 'data' directory
Flavors: r-devel-linux-x86_64-debian-clang, r-devel-linux-x86_64-debian-gcc, r-devel-linux-x86_64-fedora-clang, r-devel-linux-x86_64-fedora-gcc, r-devel-windows-x86_64, r-patched-linux-x86_64, r-release-linux-x86_64, r-release-macos-arm64, r-release-macos-x86_64, r-release-windows-x86_64, r-oldrel-macos-arm64, r-oldrel-macos-x86_64, r-oldrel-windows-x86_64