Last updated on 2024-07-18 09:52:34 CEST.
Flavor | Version | Tinstall | Tcheck | Ttotal | Status | Flags |
---|---|---|---|---|---|---|
r-devel-linux-x86_64-debian-clang | 1.2.0 | 29.21 | 466.19 | 495.40 | OK | |
r-devel-linux-x86_64-debian-gcc | 1.2.0 | 23.43 | 361.71 | 385.14 | OK | |
r-devel-linux-x86_64-fedora-clang | 1.2.0 | 641.79 | OK | |||
r-devel-linux-x86_64-fedora-gcc | 1.2.0 | 606.70 | OK | |||
r-devel-windows-x86_64 | 1.2.0 | 23.00 | 288.00 | 311.00 | OK | |
r-patched-linux-x86_64 | 1.2.0 | 28.31 | 469.20 | 497.51 | OK | |
r-release-linux-x86_64 | 1.2.0 | 23.78 | 458.53 | 482.31 | OK | |
r-release-macos-arm64 | 1.2.0 | 149.00 | OK | |||
r-release-macos-x86_64 | 1.2.0 | 363.00 | OK | |||
r-release-windows-x86_64 | 1.2.0 | 24.00 | 291.00 | 315.00 | OK | |
r-oldrel-macos-arm64 | 1.2.0 | 164.00 | ERROR | |||
r-oldrel-macos-x86_64 | 1.2.0 | 354.00 | ERROR | |||
r-oldrel-windows-x86_64 | 1.2.0 | 33.00 | 389.00 | 422.00 | OK |
Version: 1.2.0
Check: running R code from vignettes
Result: ERROR
Errors in running code in vignettes:
when running code in ‘grade-penalty.Rmd’
...
> rd_proj <- projectRoads(lnds, wt_rast, rd_in, weightFunction = gradePenaltyFn,
+ roadsInWeight = FALSE, roadMethod = "ilcp")
Burning in roads to weightRaster from sf
Warning in igraph::shortest_paths(sim$g, path.list[1], path.list[2], out = "both") :
At vendor/cigraph/src/paths/dijkstra.c:534 : Couldn't reach some vertices.
When sourcing ‘grade-penalty.R’:
Error: NA values in weightRaster along paths. Check for disconnected clumps in weightRaster. If weightFunction=gradePenaltyFn, try adjusting limit or setting limitWeight to high value that is not NA.
Execution halted
‘ReconstructRoadHistory.Rmd’ using ‘UTF-8’... [4s/4s] OK
‘grade-penalty.Rmd’ using ‘UTF-8’... failed
‘roads-vignette.Rmd’ using ‘UTF-8’... [6s/6s] OK
Flavor: r-oldrel-macos-arm64
Version: 1.2.0
Check: running R code from vignettes
Result: ERROR
Errors in running code in vignettes:
when running code in ‘grade-penalty.Rmd’
...
> rd_proj <- projectRoads(lnds, wt_rast, rd_in, weightFunction = gradePenaltyFn,
+ roadsInWeight = FALSE, roadMethod = "ilcp")
Burning in roads to weightRaster from sf
Warning in igraph::shortest_paths(sim$g, path.list[1], path.list[2], out = "both") :
At vendor/cigraph/src/paths/dijkstra.c:534 : Couldn't reach some vertices.
When sourcing ‘grade-penalty.R’:
Error: NA values in weightRaster along paths. Check for disconnected clumps in weightRaster. If weightFunction=gradePenaltyFn, try adjusting limit or setting limitWeight to high value that is not NA.
Execution halted
‘ReconstructRoadHistory.Rmd’ using ‘UTF-8’... [6s/9s] OK
‘grade-penalty.Rmd’ using ‘UTF-8’... failed
‘roads-vignette.Rmd’ using ‘UTF-8’... [9s/13s] OK
Flavor: r-oldrel-macos-x86_64