Last updated on 2024-07-18 09:52:34 CEST.
Flavor | Version | Tinstall | Tcheck | Ttotal | Status | Flags |
---|---|---|---|---|---|---|
r-devel-linux-x86_64-debian-clang | 0.6 | 10.35 | 105.89 | 116.24 | OK | |
r-devel-linux-x86_64-debian-gcc | 0.6 | 7.24 | 80.79 | 88.03 | OK | |
r-devel-linux-x86_64-fedora-clang | 0.6 | 147.27 | OK | |||
r-devel-linux-x86_64-fedora-gcc | 0.6 | 154.61 | OK | |||
r-devel-windows-x86_64 | 0.6 | 15.00 | 116.00 | 131.00 | NOTE | |
r-patched-linux-x86_64 | 0.6 | 15.30 | 101.49 | 116.79 | OK | |
r-release-linux-x86_64 | 0.6 | 7.22 | 101.00 | 108.22 | OK | |
r-release-macos-arm64 | 0.6 | 54.00 | OK | |||
r-release-macos-x86_64 | 0.6 | 110.00 | OK | |||
r-release-windows-x86_64 | 0.6 | 15.00 | 116.00 | 131.00 | OK | |
r-oldrel-macos-arm64 | 0.6 | 55.00 | OK | |||
r-oldrel-macos-x86_64 | 0.6 | 100.00 | OK | |||
r-oldrel-windows-x86_64 | 0.6 | 17.00 | 132.00 | 149.00 | OK |
Version: 0.6
Check: Rd cross-references
Result: NOTE
Found the following Rd file(s) with Rd \link{} targets missing package
anchors:
summary.Rd: svydesign
Please provide package anchors for all Rd \link{} targets not in the
package itself and the base packages.
Flavor: r-devel-windows-x86_64