Last updated on 2024-07-18 09:52:34 CEST.
Flavor | Version | Tinstall | Tcheck | Ttotal | Status | Flags |
---|---|---|---|---|---|---|
r-devel-linux-x86_64-debian-clang | 1.0.3 | 8.47 | 65.35 | 73.82 | NOTE | |
r-devel-linux-x86_64-debian-gcc | 1.0.3 | 6.62 | 48.20 | 54.82 | NOTE | |
r-devel-linux-x86_64-fedora-clang | 1.0.3 | 93.14 | NOTE | |||
r-devel-linux-x86_64-fedora-gcc | 1.0.3 | 83.65 | NOTE | |||
r-devel-windows-x86_64 | 1.0.3 | 8.00 | 72.00 | 80.00 | NOTE | |
r-patched-linux-x86_64 | 1.0.3 | 8.71 | 61.80 | 70.51 | NOTE | |
r-release-linux-x86_64 | 1.0.3 | 6.30 | 60.21 | 66.51 | NOTE | |
r-release-macos-arm64 | 1.0.3 | 32.00 | NOTE | |||
r-release-macos-x86_64 | 1.0.3 | 42.00 | NOTE | |||
r-release-windows-x86_64 | 1.0.3 | 7.00 | 74.00 | 81.00 | NOTE | |
r-oldrel-macos-arm64 | 1.0.3 | 28.00 | NOTE | |||
r-oldrel-macos-x86_64 | 1.0.3 | 44.00 | NOTE | |||
r-oldrel-windows-x86_64 | 1.0.3 | 11.00 | 82.00 | 93.00 | NOTE |
Version: 1.0.3
Check: LazyData
Result: NOTE
'LazyData' is specified without a 'data' directory
Flavors: r-devel-linux-x86_64-debian-clang, r-devel-linux-x86_64-debian-gcc, r-devel-linux-x86_64-fedora-clang, r-devel-linux-x86_64-fedora-gcc, r-devel-windows-x86_64, r-patched-linux-x86_64, r-release-linux-x86_64, r-release-macos-arm64, r-release-macos-x86_64, r-release-windows-x86_64, r-oldrel-macos-arm64, r-oldrel-macos-x86_64, r-oldrel-windows-x86_64