Last updated on 2024-07-18 09:52:34 CEST.
Flavor | Version | Tinstall | Tcheck | Ttotal | Status | Flags |
---|---|---|---|---|---|---|
r-devel-linux-x86_64-debian-clang | 1.4.99 | 13.16 | 117.83 | 130.99 | NOTE | |
r-devel-linux-x86_64-debian-gcc | 1.4.99 | 9.62 | 87.30 | 96.92 | NOTE | |
r-devel-linux-x86_64-fedora-clang | 1.4.99 | 164.51 | NOTE | |||
r-devel-linux-x86_64-fedora-gcc | 1.4.99 | 166.81 | NOTE | |||
r-devel-windows-x86_64 | 1.4.99 | 11.00 | 131.00 | 142.00 | NOTE | |
r-patched-linux-x86_64 | 1.4.99 | 16.22 | 111.90 | 128.12 | NOTE | |
r-release-linux-x86_64 | 1.4.99 | 12.81 | 115.48 | 128.29 | NOTE | |
r-release-macos-arm64 | 1.4.99 | 117.00 | NOTE | |||
r-release-macos-x86_64 | 1.4.99 | 95.00 | NOTE | |||
r-release-windows-x86_64 | 1.4.99 | 11.00 | 123.00 | 134.00 | NOTE | |
r-oldrel-macos-arm64 | 1.4.99 | 58.00 | OK | |||
r-oldrel-macos-x86_64 | 1.4.99 | 134.00 | OK | |||
r-oldrel-windows-x86_64 | 1.4.99 | 13.00 | 143.00 | 156.00 | OK |
Version: 1.4.99
Check: Rd files
Result: NOTE
checkRd: (-1) ex.Rd:20: Lost braces
20 | Execute a ops-dag using `code{wrap()}` data as values.
| ^
checkRd: (-1) sql_node.Rd:29: Lost braces; missing escapes or markup?
29 | \item{expand_braces}{logical if TRUE use {col} notation to ensure {col} is a column name.}
| ^
checkRd: (-1) sql_node.Rd:29: Lost braces; missing escapes or markup?
29 | \item{expand_braces}{logical if TRUE use {col} notation to ensure {col} is a column name.}
| ^
Flavors: r-devel-linux-x86_64-debian-clang, r-devel-linux-x86_64-debian-gcc, r-devel-linux-x86_64-fedora-clang, r-devel-linux-x86_64-fedora-gcc, r-devel-windows-x86_64, r-patched-linux-x86_64, r-release-linux-x86_64, r-release-macos-arm64, r-release-macos-x86_64, r-release-windows-x86_64