Last updated on 2024-07-18 09:52:34 CEST.
Flavor | Version | Tinstall | Tcheck | Ttotal | Status | Flags |
---|---|---|---|---|---|---|
r-devel-linux-x86_64-debian-clang | 0.9.7.3.1 | 122.51 | 86.72 | 209.23 | NOTE | |
r-devel-linux-x86_64-debian-gcc | 0.9.7.3.1 | 70.89 | 67.17 | 138.06 | NOTE | |
r-devel-linux-x86_64-fedora-clang | 0.9.7.3.1 | 309.34 | NOTE | |||
r-devel-linux-x86_64-fedora-gcc | 0.9.7.3.1 | 311.23 | NOTE | |||
r-devel-windows-x86_64 | 0.9.7.3.1 | 96.00 | 109.00 | 205.00 | NOTE | |
r-patched-linux-x86_64 | 0.9.7.3.1 | 93.66 | 84.53 | 178.19 | NOTE | |
r-release-linux-x86_64 | 0.9.7.3.1 | 95.42 | 81.90 | 177.32 | NOTE | |
r-release-macos-arm64 | 0.9.7.3.1 | 66.00 | NOTE | |||
r-release-macos-x86_64 | 0.9.7.3.1 | 94.00 | NOTE | |||
r-release-windows-x86_64 | 0.9.7.3.1 | 94.00 | 111.00 | 205.00 | NOTE | |
r-oldrel-macos-arm64 | 0.9.7.3.1 | 81.00 | OK | |||
r-oldrel-macos-x86_64 | 0.9.7.3.1 | 140.00 | OK | |||
r-oldrel-windows-x86_64 | 0.9.7.3.1 | 116.00 | 126.00 | 242.00 | OK |
Version: 0.9.7.3.1
Check: Rd files
Result: NOTE
checkRd: (-1) rrecsys.Rd:72: Lost braces; missing escapes or markup?
72 | The average deviation rating $dev_{ij}$ between co-rated items is defined by:
| ^
checkRd: (-1) rrecsys.Rd:76: Lost braces; missing escapes or markup?
76 | Where $c_{ij}$ is the number of co-ratings between items $i$ and $j$ and $r_{ui}$ is an existing rating for user $u$ on item $i$. The Weighted Slope One takes into account both, information from users who rated the same item and the number of observed ratings.
| ^
checkRd: (-1) rrecsys.Rd:76: Lost braces; missing escapes or markup?
76 | Where $c_{ij}$ is the number of co-ratings between items $i$ and $j$ and $r_{ui}$ is an existing rating for user $u$ on item $i$. The Weighted Slope One takes into account both, information from users who rated the same item and the number of observed ratings.
| ^
Flavors: r-devel-linux-x86_64-debian-clang, r-devel-linux-x86_64-debian-gcc, r-devel-linux-x86_64-fedora-clang, r-devel-linux-x86_64-fedora-gcc, r-devel-windows-x86_64, r-patched-linux-x86_64, r-release-linux-x86_64, r-release-macos-arm64, r-release-macos-x86_64, r-release-windows-x86_64