Last updated on 2024-07-18 09:52:35 CEST.
Flavor | Version | Tinstall | Tcheck | Ttotal | Status | Flags |
---|---|---|---|---|---|---|
r-devel-linux-x86_64-debian-clang | 0.27 | 6.15 | 40.56 | 46.71 | NOTE | |
r-devel-linux-x86_64-debian-gcc | 0.27 | 4.34 | 31.32 | 35.66 | NOTE | |
r-devel-linux-x86_64-fedora-clang | 0.27 | 57.21 | NOTE | |||
r-devel-linux-x86_64-fedora-gcc | 0.27 | 58.80 | NOTE | |||
r-devel-windows-x86_64 | 0.27 | 9.00 | 55.00 | 64.00 | NOTE | |
r-patched-linux-x86_64 | 0.27 | 6.55 | 39.79 | 46.34 | NOTE | |
r-release-linux-x86_64 | 0.27 | 5.15 | 39.28 | 44.43 | NOTE | |
r-release-macos-arm64 | 0.27 | 23.00 | NOTE | |||
r-release-macos-x86_64 | 0.27 | 36.00 | NOTE | |||
r-release-windows-x86_64 | 0.27 | 8.00 | 55.00 | 63.00 | NOTE | |
r-oldrel-macos-arm64 | 0.27 | 27.00 | NOTE | |||
r-oldrel-macos-x86_64 | 0.27 | 47.00 | NOTE | |||
r-oldrel-windows-x86_64 | 0.27 | 9.00 | 58.00 | 67.00 | NOTE |
Version: 0.27
Check: for GNU extensions in Makefiles
Result: NOTE
GNU make is a SystemRequirements.
Flavors: r-devel-linux-x86_64-debian-clang, r-devel-linux-x86_64-debian-gcc, r-devel-linux-x86_64-fedora-clang, r-devel-linux-x86_64-fedora-gcc, r-devel-windows-x86_64, r-patched-linux-x86_64, r-release-linux-x86_64, r-release-macos-arm64, r-release-macos-x86_64, r-release-windows-x86_64, r-oldrel-macos-arm64, r-oldrel-macos-x86_64, r-oldrel-windows-x86_64
Version: 0.27
Check: installed package size
Result: NOTE
installed size is 12.0Mb
sub-directories of 1Mb or more:
rmarkdown 11.7Mb
Flavors: r-devel-linux-x86_64-fedora-clang, r-devel-windows-x86_64, r-release-macos-arm64, r-release-macos-x86_64, r-release-windows-x86_64, r-oldrel-macos-arm64, r-oldrel-macos-x86_64, r-oldrel-windows-x86_64