Last updated on 2024-07-18 09:52:35 CEST.
Flavor | Version | Tinstall | Tcheck | Ttotal | Status | Flags |
---|---|---|---|---|---|---|
r-devel-linux-x86_64-debian-clang | 1.1.0 | 2.33 | 43.13 | 45.46 | OK | |
r-devel-linux-x86_64-debian-gcc | 1.1.0 | 2.71 | 32.50 | 35.21 | OK | |
r-devel-linux-x86_64-fedora-clang | 1.1.0 | 59.29 | NOTE | |||
r-devel-linux-x86_64-fedora-gcc | 1.1.0 | 69.47 | NOTE | |||
r-devel-windows-x86_64 | 1.1.0 | 5.00 | 59.00 | 64.00 | OK | |
r-patched-linux-x86_64 | 1.1.0 | 2.76 | 41.61 | 44.37 | OK | |
r-release-linux-x86_64 | 1.1.0 | 2.11 | 41.46 | 43.57 | OK | |
r-release-macos-arm64 | 1.1.0 | 31.00 | OK | |||
r-release-macos-x86_64 | 1.1.0 | 89.00 | OK | |||
r-release-windows-x86_64 | 1.1.0 | 4.00 | 60.00 | 64.00 | OK | |
r-oldrel-macos-arm64 | 1.1.0 | 29.00 | OK | |||
r-oldrel-macos-x86_64 | 1.1.0 | 53.00 | OK | |||
r-oldrel-windows-x86_64 | 1.1.0 | 5.00 | 67.00 | 72.00 | OK |
Version: 1.1.0
Check: dependencies in R code
Result: NOTE
Namespace in Imports field not imported from: ‘curl’
All declared Imports should be used.
Flavors: r-devel-linux-x86_64-fedora-clang, r-devel-linux-x86_64-fedora-gcc
Version: 1.1.0
Check: data for non-ASCII characters
Result: NOTE
Note: found 2023 marked Latin-1 strings
Note: found 17 marked UTF-8 strings
Flavors: r-devel-linux-x86_64-fedora-clang, r-devel-linux-x86_64-fedora-gcc