Last updated on 2024-07-18 09:52:35 CEST.
Flavor | Version | Tinstall | Tcheck | Ttotal | Status | Flags |
---|---|---|---|---|---|---|
r-devel-linux-x86_64-debian-clang | 2.1.0 | 7.90 | 56.90 | 64.80 | NOTE | |
r-devel-linux-x86_64-debian-gcc | 2.1.0 | 5.49 | 43.49 | 48.98 | NOTE | |
r-devel-linux-x86_64-fedora-clang | 2.1.0 | 82.47 | NOTE | |||
r-devel-linux-x86_64-fedora-gcc | 2.1.0 | 77.37 | NOTE | |||
r-devel-windows-x86_64 | 2.1.0 | 8.00 | 67.00 | 75.00 | NOTE | |
r-patched-linux-x86_64 | 2.1.0 | 6.60 | 53.12 | 59.72 | NOTE | |
r-release-linux-x86_64 | 2.1.0 | 5.82 | 55.78 | 61.60 | NOTE | |
r-release-macos-arm64 | 2.1.0 | 28.00 | NOTE | |||
r-release-macos-x86_64 | 2.1.0 | 86.00 | NOTE | |||
r-release-windows-x86_64 | 2.1.0 | 7.00 | 68.00 | 75.00 | NOTE | |
r-oldrel-macos-arm64 | 2.1.0 | 27.00 | NOTE | |||
r-oldrel-macos-x86_64 | 2.1.0 | 40.00 | NOTE | |||
r-oldrel-windows-x86_64 | 2.1.0 | 9.00 | 72.00 | 81.00 | NOTE |
Version: 2.1.0
Check: LazyData
Result: NOTE
'LazyData' is specified without a 'data' directory
Flavors: r-devel-linux-x86_64-debian-clang, r-devel-linux-x86_64-debian-gcc, r-devel-linux-x86_64-fedora-clang, r-devel-linux-x86_64-fedora-gcc, r-devel-windows-x86_64, r-patched-linux-x86_64, r-release-linux-x86_64, r-release-macos-arm64, r-release-macos-x86_64, r-release-windows-x86_64, r-oldrel-macos-arm64, r-oldrel-macos-x86_64, r-oldrel-windows-x86_64