Last updated on 2024-07-18 09:52:35 CEST.
Flavor | Version | Tinstall | Tcheck | Ttotal | Status | Flags |
---|---|---|---|---|---|---|
r-devel-linux-x86_64-debian-clang | 0.3.4 | 128.06 | 213.54 | 341.60 | NOTE | |
r-devel-linux-x86_64-debian-gcc | 0.3.4 | 70.77 | 158.96 | 229.73 | NOTE | |
r-devel-linux-x86_64-fedora-clang | 0.3.4 | 470.02 | NOTE | |||
r-devel-linux-x86_64-fedora-gcc | 0.3.4 | 468.07 | NOTE | |||
r-devel-windows-x86_64 | 0.3.4 | 91.00 | 204.00 | 295.00 | NOTE | |
r-patched-linux-x86_64 | 0.3.4 | 94.65 | 211.72 | 306.37 | NOTE | |
r-release-linux-x86_64 | 0.3.4 | 71.25 | 210.36 | 281.61 | NOTE | |
r-release-macos-arm64 | 0.3.4 | 114.00 | NOTE | |||
r-release-macos-x86_64 | 0.3.4 | 255.00 | NOTE | |||
r-release-windows-x86_64 | 0.3.4 | 91.00 | 210.00 | 301.00 | NOTE | |
r-oldrel-macos-arm64 | 0.3.4 | 133.00 | NOTE | |||
r-oldrel-macos-x86_64 | 0.3.4 | 220.00 | NOTE | |||
r-oldrel-windows-x86_64 | 0.3.4 | 111.00 | 240.00 | 351.00 | NOTE |
Version: 0.3.4
Check: for GNU extensions in Makefiles
Result: NOTE
GNU make is a SystemRequirements.
Flavors: r-devel-linux-x86_64-debian-clang, r-devel-linux-x86_64-debian-gcc, r-devel-linux-x86_64-fedora-clang, r-devel-linux-x86_64-fedora-gcc, r-devel-windows-x86_64, r-patched-linux-x86_64, r-release-linux-x86_64, r-release-macos-arm64, r-release-macos-x86_64, r-release-windows-x86_64, r-oldrel-macos-arm64, r-oldrel-macos-x86_64, r-oldrel-windows-x86_64