Last updated on 2024-07-18 09:52:35 CEST.
Flavor | Version | Tinstall | Tcheck | Ttotal | Status | Flags |
---|---|---|---|---|---|---|
r-devel-linux-x86_64-debian-clang | 1.1.0 | 2.91 | 38.04 | 40.95 | NOTE | |
r-devel-linux-x86_64-debian-gcc | 1.1.0 | 1.95 | 29.11 | 31.06 | NOTE | |
r-devel-linux-x86_64-fedora-clang | 1.1.0 | 53.72 | NOTE | |||
r-devel-linux-x86_64-fedora-gcc | 1.1.0 | 63.96 | NOTE | |||
r-devel-windows-x86_64 | 1.1.0 | 3.00 | 51.00 | 54.00 | NOTE | |
r-patched-linux-x86_64 | 1.1.0 | 3.03 | 36.34 | 39.37 | NOTE | |
r-release-linux-x86_64 | 1.1.0 | 2.55 | 37.77 | 40.32 | NOTE | |
r-release-macos-arm64 | 1.1.0 | 30.00 | NOTE | |||
r-release-macos-x86_64 | 1.1.0 | 47.00 | NOTE | |||
r-release-windows-x86_64 | 1.1.0 | 4.00 | 53.00 | 57.00 | NOTE | |
r-oldrel-macos-arm64 | 1.1.0 | 29.00 | NOTE | |||
r-oldrel-macos-x86_64 | 1.1.0 | 36.00 | NOTE | |||
r-oldrel-windows-x86_64 | 1.1.0 | 5.00 | 54.00 | 59.00 | NOTE |
Version: 1.1.0
Check: LazyData
Result: NOTE
'LazyData' is specified without a 'data' directory
Flavors: r-devel-linux-x86_64-debian-clang, r-devel-linux-x86_64-debian-gcc, r-devel-linux-x86_64-fedora-clang, r-devel-linux-x86_64-fedora-gcc, r-devel-windows-x86_64, r-patched-linux-x86_64, r-release-linux-x86_64, r-release-macos-arm64, r-release-macos-x86_64, r-release-windows-x86_64, r-oldrel-macos-arm64, r-oldrel-macos-x86_64, r-oldrel-windows-x86_64
Version: 1.1.0
Check: installed package size
Result: NOTE
installed size is 5.3Mb
sub-directories of 1Mb or more:
doc 4.7Mb
Flavors: r-devel-linux-x86_64-fedora-clang, r-devel-windows-x86_64, r-release-macos-arm64, r-release-macos-x86_64, r-release-windows-x86_64, r-oldrel-macos-arm64, r-oldrel-macos-x86_64, r-oldrel-windows-x86_64