Last updated on 2024-07-18 09:52:35 CEST.
Flavor | Version | Tinstall | Tcheck | Ttotal | Status | Flags |
---|---|---|---|---|---|---|
r-devel-linux-x86_64-debian-clang | 0.4.1 | 5.21 | 77.43 | 82.64 | NOTE | |
r-devel-linux-x86_64-debian-gcc | 0.4.1 | 4.68 | 59.31 | 63.99 | NOTE | |
r-devel-linux-x86_64-fedora-clang | 0.4.1 | 112.16 | NOTE | |||
r-devel-linux-x86_64-fedora-gcc | 0.4.1 | 116.61 | NOTE | |||
r-devel-windows-x86_64 | 0.4.1 | 6.00 | 77.00 | 83.00 | NOTE | |
r-patched-linux-x86_64 | 0.4.1 | 5.70 | 73.87 | 79.57 | NOTE | |
r-release-linux-x86_64 | 0.4.1 | 6.27 | 76.54 | 82.81 | NOTE | |
r-release-macos-arm64 | 0.4.1 | 33.00 | NOTE | |||
r-release-macos-x86_64 | 0.4.1 | 51.00 | NOTE | |||
r-release-windows-x86_64 | 0.4.1 | 6.00 | 76.00 | 82.00 | NOTE | |
r-oldrel-macos-arm64 | 0.4.1 | 33.00 | OK | |||
r-oldrel-macos-x86_64 | 0.4.1 | 52.00 | OK | |||
r-oldrel-windows-x86_64 | 0.4.1 | 5.00 | 88.00 | 93.00 | OK |
Version: 0.4.1
Check: Rd files
Result: NOTE
checkRd: (-1) HardThresh.Rd:15: Lost braces; missing escapes or markup?
15 | \code{x} filtered result (y 1_{|y|>t}).
| ^
checkRd: (-1) SoftThresh.Rd:15: Lost braces; missing escapes or markup?
15 | \code{x} filtered result (y 1_{|y|>t}).
| ^
Flavors: r-devel-linux-x86_64-debian-clang, r-devel-linux-x86_64-debian-gcc, r-devel-linux-x86_64-fedora-clang, r-devel-linux-x86_64-fedora-gcc, r-devel-windows-x86_64, r-patched-linux-x86_64, r-release-linux-x86_64, r-release-macos-arm64, r-release-macos-x86_64, r-release-windows-x86_64