Last updated on 2024-07-18 09:52:35 CEST.
Flavor | Version | Tinstall | Tcheck | Ttotal | Status | Flags |
---|---|---|---|---|---|---|
r-devel-linux-x86_64-debian-clang | 1.1.8 | 8.57 | 79.61 | 88.18 | NOTE | |
r-devel-linux-x86_64-debian-gcc | 1.1.8 | 8.82 | 59.39 | 68.21 | NOTE | |
r-devel-linux-x86_64-fedora-clang | 1.1.8 | 116.77 | NOTE | |||
r-devel-linux-x86_64-fedora-gcc | 1.1.8 | 110.42 | NOTE | |||
r-devel-windows-x86_64 | 1.1.8 | 9.00 | 77.00 | 86.00 | NOTE | |
r-patched-linux-x86_64 | 1.1.8 | 8.38 | 76.94 | 85.32 | NOTE | |
r-release-linux-x86_64 | 1.1.8 | 10.64 | 74.59 | 85.23 | NOTE | |
r-release-macos-arm64 | 1.1.8 | 37.00 | NOTE | |||
r-release-macos-x86_64 | 1.1.8 | 96.00 | NOTE | |||
r-release-windows-x86_64 | 1.1.8 | 10.00 | 79.00 | 89.00 | NOTE | |
r-oldrel-macos-arm64 | 1.1.8 | 51.00 | NOTE | |||
r-oldrel-macos-x86_64 | 1.1.8 | 84.00 | NOTE | |||
r-oldrel-windows-x86_64 | 1.1.8 | 11.00 | 89.00 | 100.00 | NOTE |
Version: 1.1.8
Check: package dependencies
Result: NOTE
Packages which this enhances but not available for checking:
'gurobi', 'pogs'
Flavors: r-devel-linux-x86_64-debian-clang, r-devel-linux-x86_64-debian-gcc, r-patched-linux-x86_64, r-release-linux-x86_64
Version: 1.1.8
Check: package dependencies
Result: NOTE
Packages which this enhances but not available for checking:
'gurobi', 'Rcplex', 'pogs'
Flavors: r-devel-linux-x86_64-fedora-clang, r-devel-linux-x86_64-fedora-gcc, r-devel-windows-x86_64, r-release-macos-arm64, r-release-macos-x86_64, r-release-windows-x86_64, r-oldrel-macos-arm64, r-oldrel-macos-x86_64, r-oldrel-windows-x86_64