Last updated on 2024-07-18 09:52:35 CEST.
Flavor | Version | Tinstall | Tcheck | Ttotal | Status | Flags |
---|---|---|---|---|---|---|
r-devel-linux-x86_64-debian-clang | 0.1.1 | 12.31 | 175.14 | 187.45 | NOTE | |
r-devel-linux-x86_64-debian-gcc | 0.1.1 | 9.60 | 125.51 | 135.11 | NOTE | |
r-devel-linux-x86_64-fedora-clang | 0.1.1 | 236.15 | NOTE | |||
r-devel-linux-x86_64-fedora-gcc | 0.1.1 | 247.02 | NOTE | |||
r-devel-windows-x86_64 | 0.1.1 | 12.00 | 137.00 | 149.00 | NOTE | |
r-patched-linux-x86_64 | 0.1.1 | 9.46 | 144.74 | 154.20 | NOTE | |
r-release-linux-x86_64 | 0.1.1 | 7.70 | 142.41 | 150.11 | NOTE | |
r-release-macos-arm64 | 0.1.1 | 61.00 | NOTE | |||
r-release-macos-x86_64 | 0.1.1 | 91.00 | NOTE | |||
r-release-windows-x86_64 | 0.1.1 | 10.00 | 124.00 | 134.00 | NOTE | |
r-oldrel-macos-arm64 | 0.1.1 | 65.00 | NOTE | |||
r-oldrel-macos-x86_64 | 0.1.1 | 110.00 | NOTE | |||
r-oldrel-windows-x86_64 | 0.1.1 | 15.00 | 167.00 | 182.00 | NOTE |
Version: 0.1.1
Check: LazyData
Result: NOTE
'LazyData' is specified without a 'data' directory
Flavors: r-devel-linux-x86_64-debian-clang, r-devel-linux-x86_64-debian-gcc, r-devel-linux-x86_64-fedora-clang, r-devel-linux-x86_64-fedora-gcc, r-devel-windows-x86_64, r-patched-linux-x86_64, r-release-linux-x86_64, r-release-macos-arm64, r-release-macos-x86_64, r-release-windows-x86_64, r-oldrel-macos-arm64, r-oldrel-macos-x86_64, r-oldrel-windows-x86_64