Last updated on 2024-07-18 09:52:35 CEST.
Flavor | Version | Tinstall | Tcheck | Ttotal | Status | Flags |
---|---|---|---|---|---|---|
r-devel-linux-x86_64-debian-clang | 1.4.6.1 | 327.55 | 95.96 | 423.51 | OK | |
r-devel-linux-x86_64-debian-gcc | 1.4.6.1 | 207.82 | 79.15 | 286.97 | OK | |
r-devel-linux-x86_64-fedora-clang | 1.4.6.1 | 596.56 | OK | |||
r-devel-linux-x86_64-fedora-gcc | 1.4.6.1 | 641.02 | WARN | |||
r-devel-windows-x86_64 | 1.4.6.1 | 232.00 | 139.00 | 371.00 | OK | |
r-patched-linux-x86_64 | 1.4.6.1 | 254.80 | 104.16 | 358.96 | OK | |
r-release-linux-x86_64 | 1.4.6.1 | 261.16 | 104.57 | 365.73 | OK | |
r-release-macos-arm64 | 1.4.6.1 | 148.00 | NOTE | |||
r-release-macos-x86_64 | 1.4.6.1 | 232.00 | NOTE | |||
r-release-windows-x86_64 | 1.4.6.1 | 241.00 | 142.00 | 383.00 | OK | |
r-oldrel-macos-arm64 | 1.4.6.1 | 193.00 | NOTE | |||
r-oldrel-macos-x86_64 | 1.4.6.1 | 253.00 | NOTE | |||
r-oldrel-windows-x86_64 | 1.4.6.1 | 222.00 | 158.00 | 380.00 | OK |
Version: 1.4.6.1
Check: whether package can be installed
Result: WARN
Found the following significant warnings:
../inst/include/sparsematrix.h:64:26: warning: template-id not allowed for constructor in C++20 [-Wtemplate-id-cdtor]
../inst/include/sparsematrix.h:76:26: warning: template-id not allowed for constructor in C++20 [-Wtemplate-id-cdtor]
See ‘/data/gannet/ripley/R/packages/tests-devel/scellpam.Rcheck/00install.out’ for details.
* used C++ compiler: ‘g++-14 (GCC) 14.1.0’
Flavor: r-devel-linux-x86_64-fedora-gcc
Version: 1.4.6.1
Check: installed package size
Result: NOTE
installed size is 18.2Mb
sub-directories of 1Mb or more:
libs 17.6Mb
Flavors: r-release-macos-arm64, r-release-macos-x86_64, r-oldrel-macos-arm64, r-oldrel-macos-x86_64