Last updated on 2024-07-18 09:52:35 CEST.
Flavor | Version | Tinstall | Tcheck | Ttotal | Status | Flags |
---|---|---|---|---|---|---|
r-devel-linux-x86_64-debian-clang | 0.0.2 | 17.17 | 315.29 | 332.46 | OK | |
r-devel-linux-x86_64-debian-gcc | 0.0.2 | 12.45 | 260.81 | 273.26 | OK | |
r-devel-linux-x86_64-fedora-clang | 0.0.2 | 416.44 | NOTE | |||
r-devel-linux-x86_64-fedora-gcc | 0.0.2 | 394.20 | OK | |||
r-devel-windows-x86_64 | 0.0.2 | 12.00 | 237.00 | 249.00 | NOTE | |
r-patched-linux-x86_64 | 0.0.2 | 18.65 | 316.01 | 334.66 | OK | |
r-release-linux-x86_64 | 0.0.2 | 9.18 | 316.81 | 325.99 | OK | |
r-release-macos-arm64 | 0.0.2 | 136.00 | OK | |||
r-release-macos-x86_64 | 0.0.2 | 337.00 | OK | |||
r-release-windows-x86_64 | 0.0.2 | 14.00 | 235.00 | 249.00 | OK | |
r-oldrel-macos-arm64 | 0.0.2 | 150.00 | OK | |||
r-oldrel-macos-x86_64 | 0.0.2 | 406.00 | OK | |||
r-oldrel-windows-x86_64 | 0.0.2 | 18.00 | 247.00 | 265.00 | OK |
Version: 0.0.2
Check: Rd cross-references
Result: NOTE
Undeclared package ‘yatah’ in Rd xrefs
Flavor: r-devel-linux-x86_64-fedora-clang
Version: 0.0.2
Check: Rd cross-references
Result: NOTE
Found the following Rd file(s) with Rd \link{} targets missing package
anchors:
step_aggregate_hclust.Rd: selections, bake, prep
step_aggregate_list.Rd: selections, bake, prep
step_rownormalize_tss.Rd: selections, bake, prep
step_select_background.Rd: selections, bake, prep
step_select_cv.Rd: selections, bake, prep
step_select_kruskal.Rd: selections, bake, prep
step_select_wilcoxon.Rd: selections, bake, prep
step_taxonomy.Rd: selections, bake, prep
Please provide package anchors for all Rd \link{} targets not in the
package itself and the base packages.
Flavor: r-devel-windows-x86_64