Last updated on 2024-07-18 04:50:27 CEST.
Flavor | Version | Tinstall | Tcheck | Ttotal | Status | Flags |
---|---|---|---|---|---|---|
r-devel-linux-x86_64-debian-clang | 1.0.0 | 3.04 | 24.09 | 27.13 | OK | |
r-devel-linux-x86_64-debian-gcc | 1.0.0 | 2.52 | 18.21 | 20.73 | OK | |
r-devel-linux-x86_64-fedora-clang | 1.0.0 | 35.10 | NOTE | |||
r-devel-linux-x86_64-fedora-gcc | 1.0.0 | 32.32 | NOTE | |||
r-devel-windows-x86_64 | 1.0.0 | 7.00 | 41.00 | 48.00 | OK | |
r-patched-linux-x86_64 | 1.0.0 | 2.97 | 22.51 | 25.48 | OK | |
r-release-linux-x86_64 | 1.0.0 | 2.82 | 22.29 | 25.11 | OK | |
r-release-macos-arm64 | 1.0.0 | 15.00 | OK | |||
r-release-macos-x86_64 | 1.0.0 | 23.00 | OK | |||
r-release-windows-x86_64 | 1.0.0 | 5.00 | 42.00 | 47.00 | OK | |
r-oldrel-macos-arm64 | 1.0.0 | 17.00 | OK | |||
r-oldrel-macos-x86_64 | 1.0.0 | 24.00 | OK | |||
r-oldrel-windows-x86_64 | 1.0.0 | 5.00 | 43.00 | 48.00 | OK |
Version: 1.0.0
Check: compiled code
Result: NOTE
File ‘scquantum/libs/scquantum.so’:
Found no calls to: ‘R_registerRoutines’, ‘R_useDynamicSymbols’
It is good practice to register native routines and to disable symbol
search.
See ‘Writing portable packages’ in the ‘Writing R Extensions’ manual.
Flavors: r-devel-linux-x86_64-fedora-clang, r-devel-linux-x86_64-fedora-gcc