Last updated on 2024-07-18 09:52:35 CEST.
Flavor | Version | Tinstall | Tcheck | Ttotal | Status | Flags |
---|---|---|---|---|---|---|
r-devel-linux-x86_64-debian-clang | 0.3.15 | 14.29 | 486.77 | 501.06 | OK | |
r-devel-linux-x86_64-debian-gcc | 0.3.15 | 10.58 | 328.93 | 339.51 | OK | |
r-devel-linux-x86_64-fedora-clang | 0.3.15 | 619.65 | OK | |||
r-devel-linux-x86_64-fedora-gcc | 0.3.15 | 562.89 | OK | |||
r-devel-windows-x86_64 | 0.3.15 | 14.00 | 297.00 | 311.00 | NOTE | |
r-patched-linux-x86_64 | 0.3.15 | 15.28 | 421.34 | 436.62 | OK | |
r-release-linux-x86_64 | 0.3.15 | 12.76 | 452.49 | 465.25 | OK | |
r-release-macos-arm64 | 0.3.15 | 128.00 | OK | |||
r-release-macos-x86_64 | 0.3.15 | 219.00 | OK | |||
r-release-windows-x86_64 | 0.3.15 | 12.00 | 295.00 | 307.00 | OK | |
r-oldrel-macos-arm64 | 0.3.15 | 131.00 | OK | |||
r-oldrel-macos-x86_64 | 0.3.15 | 266.00 | OK | |||
r-oldrel-windows-x86_64 | 0.3.15 | 18.00 | 438.00 | 456.00 | OK |
Version: 0.3.15
Check: Rd cross-references
Result: NOTE
Found the following Rd file(s) with Rd \link{} targets missing package
anchors:
casecross.Rd: coxph
Please provide package anchors for all Rd \link{} targets not in the
package itself and the base packages.
Flavor: r-devel-windows-x86_64