Last updated on 2024-07-18 09:52:35 CEST.
Flavor | Version | Tinstall | Tcheck | Ttotal | Status | Flags |
---|---|---|---|---|---|---|
r-devel-linux-x86_64-debian-clang | 0.1.8 | 7.35 | 577.49 | 584.84 | OK | |
r-devel-linux-x86_64-debian-gcc | 0.1.8 | 5.94 | 403.70 | 409.64 | OK | |
r-devel-linux-x86_64-fedora-clang | 0.1.8 | 690.85 | OK | |||
r-devel-linux-x86_64-fedora-gcc | 0.1.8 | 655.51 | OK | |||
r-devel-windows-x86_64 | 0.1.8 | 8.00 | 262.00 | 270.00 | NOTE | |
r-patched-linux-x86_64 | 0.1.8 | 15.28 | 509.52 | 524.80 | OK | |
r-release-linux-x86_64 | 0.1.8 | 4.80 | 544.17 | 548.97 | OK | |
r-release-macos-arm64 | 0.1.8 | 144.00 | OK | |||
r-release-macos-x86_64 | 0.1.8 | 226.00 | OK | |||
r-release-windows-x86_64 | 0.1.8 | 8.00 | 259.00 | 267.00 | OK | |
r-oldrel-macos-arm64 | 0.1.8 | 156.00 | OK | |||
r-oldrel-macos-x86_64 | 0.1.8 | 394.00 | OK | |||
r-oldrel-windows-x86_64 | 0.1.8 | 10.00 | 365.00 | 375.00 | OK |
Version: 0.1.8
Check: Rd cross-references
Result: NOTE
Found the following Rd file(s) with Rd \link{} targets missing package
anchors:
est_change_plot.Rd: ggplot2
index_plot.Rd: ggplot2
influence_plot.Rd: ggplot2
Please provide package anchors for all Rd \link{} targets not in the
package itself and the base packages.
Flavor: r-devel-windows-x86_64