Last updated on 2024-07-18 09:52:35 CEST.
Flavor | Version | Tinstall | Tcheck | Ttotal | Status | Flags |
---|---|---|---|---|---|---|
r-devel-linux-x86_64-debian-clang | 0.2.10 | 3.36 | 187.76 | 191.12 | OK | |
r-devel-linux-x86_64-debian-gcc | 0.2.10 | 3.15 | 134.22 | 137.37 | OK | |
r-devel-linux-x86_64-fedora-clang | 0.2.10 | 239.15 | NOTE | |||
r-devel-linux-x86_64-fedora-gcc | 0.2.10 | 238.98 | OK | |||
r-devel-windows-x86_64 | 0.2.10 | 7.00 | 148.00 | 155.00 | NOTE | |
r-patched-linux-x86_64 | 0.2.10 | 8.99 | 156.09 | 165.08 | OK | |
r-release-linux-x86_64 | 0.2.10 | 3.51 | 180.18 | 183.69 | OK | |
r-release-macos-arm64 | 0.2.10 | 72.00 | OK | |||
r-release-macos-x86_64 | 0.2.10 | 112.00 | OK | |||
r-release-windows-x86_64 | 0.2.10 | 6.00 | 152.00 | 158.00 | OK | |
r-oldrel-macos-arm64 | 0.2.10 | 68.00 | OK | |||
r-oldrel-macos-x86_64 | 0.2.10 | 112.00 | OK | |||
r-oldrel-windows-x86_64 | 0.2.10 | 8.00 | 187.00 | 195.00 | OK |
Version: 0.2.10
Check: Rd cross-references
Result: NOTE
Undeclared package ‘qgraph’ in Rd xrefs
Flavor: r-devel-linux-x86_64-fedora-clang
Version: 0.2.10
Check: Rd cross-references
Result: NOTE
Found the following Rd file(s) with Rd \link{} targets missing package
anchors:
mark_se.Rd: lavaan-class
mark_sig.Rd: lavaan-class
Please provide package anchors for all Rd \link{} targets not in the
package itself and the base packages.
Flavor: r-devel-windows-x86_64