Last updated on 2024-07-18 09:52:35 CEST.
Flavor | Version | Tinstall | Tcheck | Ttotal | Status | Flags |
---|---|---|---|---|---|---|
r-devel-linux-x86_64-debian-clang | 0.8.5 | 18.77 | 258.71 | 277.48 | NOTE | |
r-devel-linux-x86_64-debian-gcc | 0.8.5 | 18.24 | 180.68 | 198.92 | NOTE | |
r-devel-linux-x86_64-fedora-clang | 0.8.5 | 353.67 | NOTE | |||
r-devel-linux-x86_64-fedora-gcc | 0.8.5 | 342.27 | NOTE | |||
r-devel-windows-x86_64 | 0.8.5 | 23.00 | 187.00 | 210.00 | NOTE | |
r-patched-linux-x86_64 | 0.8.5 | 21.95 | 219.95 | 241.90 | NOTE | |
r-release-linux-x86_64 | 0.8.5 | 20.16 | 234.23 | 254.39 | NOTE | |
r-release-macos-arm64 | 0.8.5 | 98.00 | NOTE | |||
r-release-macos-x86_64 | 0.8.5 | 208.00 | NOTE | |||
r-release-windows-x86_64 | 0.8.5 | 23.00 | 193.00 | 216.00 | NOTE | |
r-oldrel-macos-arm64 | 0.8.5 | 124.00 | OK | |||
r-oldrel-macos-x86_64 | 0.8.5 | 194.00 | OK | |||
r-oldrel-windows-x86_64 | 0.8.5 | 29.00 | 248.00 | 277.00 | OK |
Version: 0.8.5
Check: Rd files
Result: NOTE
checkRd: (-1) match_dataphy.Rd:37-38: Lost braces in \itemize; meant \describe ?
checkRd: (-1) match_dataphy.Rd:39-41: Lost braces in \itemize; meant \describe ?
checkRd: (-1) match_dataphy.Rd:42-44: Lost braces in \itemize; meant \describe ?
Flavors: r-devel-linux-x86_64-debian-clang, r-devel-linux-x86_64-debian-gcc, r-devel-linux-x86_64-fedora-clang, r-devel-linux-x86_64-fedora-gcc, r-devel-windows-x86_64, r-patched-linux-x86_64, r-release-linux-x86_64, r-release-macos-arm64, r-release-macos-x86_64, r-release-windows-x86_64