Last updated on 2024-07-18 09:52:35 CEST.
Flavor | Version | Tinstall | Tcheck | Ttotal | Status | Flags |
---|---|---|---|---|---|---|
r-devel-linux-x86_64-debian-clang | 0.0.1 | 2.96 | 26.42 | 29.38 | OK | |
r-devel-linux-x86_64-debian-gcc | 0.0.1 | 2.53 | 20.16 | 22.69 | OK | |
r-devel-linux-x86_64-fedora-clang | 0.0.1 | 37.47 | NOTE | |||
r-devel-linux-x86_64-fedora-gcc | 0.0.1 | 35.26 | NOTE | |||
r-devel-windows-x86_64 | 0.0.1 | 4.00 | 41.00 | 45.00 | OK | |
r-patched-linux-x86_64 | 0.0.1 | 2.86 | 24.79 | 27.65 | OK | |
r-release-linux-x86_64 | 0.0.1 | 3.55 | 26.10 | 29.65 | OK | |
r-release-macos-arm64 | 0.0.1 | 16.00 | OK | |||
r-release-macos-x86_64 | 0.0.1 | 32.00 | OK | |||
r-release-windows-x86_64 | 0.0.1 | 4.00 | 44.00 | 48.00 | OK | |
r-oldrel-macos-arm64 | 0.0.1 | 17.00 | OK | |||
r-oldrel-macos-x86_64 | 0.0.1 | 25.00 | OK | |||
r-oldrel-windows-x86_64 | 0.0.1 | 4.00 | 48.00 | 52.00 | OK |
Version: 0.0.1
Check: data for non-ASCII characters
Result: NOTE
Note: found 52 marked UTF-8 strings
Flavors: r-devel-linux-x86_64-fedora-clang, r-devel-linux-x86_64-fedora-gcc