Last updated on 2024-07-18 09:52:35 CEST.
Flavor | Version | Tinstall | Tcheck | Ttotal | Status | Flags |
---|---|---|---|---|---|---|
r-devel-linux-x86_64-debian-clang | 0.2.1 | 37.93 | 123.49 | 161.42 | NOTE | |
r-devel-linux-x86_64-debian-gcc | 0.2.1 | 24.78 | 90.45 | 115.23 | NOTE | |
r-devel-linux-x86_64-fedora-clang | 0.2.1 | 224.73 | NOTE | |||
r-devel-linux-x86_64-fedora-gcc | 0.2.1 | 213.75 | NOTE | |||
r-devel-windows-x86_64 | 0.2.1 | 36.00 | 124.00 | 160.00 | NOTE | |
r-patched-linux-x86_64 | 0.2.1 | 28.61 | 114.42 | 143.03 | NOTE | |
r-release-linux-x86_64 | 0.2.1 | 22.99 | 115.53 | 138.52 | NOTE | |
r-release-macos-arm64 | 0.2.1 | 57.00 | NOTE | |||
r-release-macos-x86_64 | 0.2.1 | 90.00 | NOTE | |||
r-release-windows-x86_64 | 0.2.1 | 35.00 | 126.00 | 161.00 | NOTE | |
r-oldrel-macos-arm64 | 0.2.1 | 63.00 | NOTE | |||
r-oldrel-macos-x86_64 | 0.2.1 | 101.00 | NOTE | |||
r-oldrel-windows-x86_64 | 0.2.1 | 41.00 | 158.00 | 199.00 | NOTE |
Version: 0.2.1
Check: C++ specification
Result: NOTE
Specified C++11: please drop specification unless essential
Flavors: r-devel-linux-x86_64-debian-clang, r-devel-linux-x86_64-debian-gcc, r-devel-linux-x86_64-fedora-clang, r-devel-linux-x86_64-fedora-gcc, r-devel-windows-x86_64, r-patched-linux-x86_64, r-release-linux-x86_64, r-release-macos-arm64, r-release-macos-x86_64, r-release-windows-x86_64, r-oldrel-macos-arm64, r-oldrel-macos-x86_64, r-oldrel-windows-x86_64
Version: 0.2.1
Check: package dependencies
Result: NOTE
Package suggested but not available for checking: ‘ggraph’
Flavor: r-oldrel-macos-x86_64