Last updated on 2024-07-18 09:52:35 CEST.
Flavor | Version | Tinstall | Tcheck | Ttotal | Status | Flags |
---|---|---|---|---|---|---|
r-devel-linux-x86_64-debian-clang | 0.2.4 | 7.93 | 126.93 | 134.86 | OK | |
r-devel-linux-x86_64-debian-gcc | 0.2.4 | 8.73 | 92.79 | 101.52 | OK | |
r-devel-linux-x86_64-fedora-clang | 0.2.4 | 177.40 | OK | |||
r-devel-linux-x86_64-fedora-gcc | 0.2.4 | 162.11 | OK | |||
r-devel-windows-x86_64 | 0.2.4 | 10.00 | 123.00 | 133.00 | NOTE | |
r-patched-linux-x86_64 | 0.2.4 | 15.15 | 123.90 | 139.05 | OK | |
r-release-linux-x86_64 | 0.2.4 | 8.96 | 122.63 | 131.59 | OK | |
r-release-macos-arm64 | 0.2.4 | 46.00 | OK | |||
r-release-macos-x86_64 | 0.2.4 | 73.00 | OK | |||
r-release-windows-x86_64 | 0.2.4 | 10.00 | 123.00 | 133.00 | OK | |
r-oldrel-macos-arm64 | 0.2.4 | 60.00 | OK | |||
r-oldrel-macos-x86_64 | 0.2.4 | 128.00 | OK | |||
r-oldrel-windows-x86_64 | 0.2.4 | 14.00 | 153.00 | 167.00 | OK |
Version: 0.2.4
Check: Rd cross-references
Result: NOTE
Found the following Rd file(s) with Rd \link{} targets missing package
anchors:
as_spacetime.Rd: st_as_sf
Please provide package anchors for all Rd \link{} targets not in the
package itself and the base packages.
Flavor: r-devel-windows-x86_64